{"id":961,"date":"2014-02-13T10:14:49","date_gmt":"2014-02-13T08:14:49","guid":{"rendered":"http:\/\/www.yogaimhof.de\/blog\/?page_id=961"},"modified":"2026-04-01T20:51:51","modified_gmt":"2026-04-01T19:51:51","slug":"kontakt","status":"publish","type":"page","link":"https:\/\/www.yogaimhof.de\/?page_id=961","title":{"rendered":"Kontakt und Lageplan"},"content":{"rendered":"\n<div class=\"wp-block-media-text has-media-on-the-right is-stacked-on-mobile\" style=\"grid-template-columns:auto 61%\"><div class=\"wp-block-media-text__content\">\n<p>YIH &#8211; Gabi Theinert<\/p>\n\n\n\n<p>Neidhartstr. 7<br>86159 Augsburg<br>Tel:+49 159 03716992<\/p>\n\n\n\n<p>www.yogaimhof.de<br>info@yogaimhof.de<\/p>\n<\/div><figure class=\"wp-block-media-text__media\"><img loading=\"lazy\" decoding=\"async\" width=\"890\" height=\"592\" src=\"https:\/\/www.yogaimhof.de\/wp-content\/uploads\/2014\/02\/Yogaimhof_08.jpg\" alt=\"\" class=\"wp-image-1070 size-full\" srcset=\"https:\/\/www.yogaimhof.de\/wp-content\/uploads\/2014\/02\/Yogaimhof_08.jpg 890w, https:\/\/www.yogaimhof.de\/wp-content\/uploads\/2014\/02\/Yogaimhof_08-300x199.jpg 300w\" sizes=\"auto, (max-width: 890px) 100vw, 890px\" \/><\/figure><\/div>\n\n\n\n<div class=\"wp-block-buttons is-horizontal is-content-justification-center is-layout-flex wp-container-core-buttons-is-layout-f9c6722c wp-block-buttons-is-layout-flex\">\n<div class=\"wp-block-button has-custom-width wp-block-button__width-50 is-style-fill\"><a class=\"wp-block-button__link has-base-color has-luminous-vivid-amber-to-luminous-vivid-orange-gradient-background has-text-color has-background wp-element-button\" href=\"https:\/\/www.yogaimhof.de\/wp-content\/uploads\/2014\/02\/Lageplan.pdf\">Lageplan hier&#8230;<\/a><\/div>\n<\/div>\n\n\n\n<p><b>Bankverbindung Achtung NEU<\/b>: Gabriele Theinert, IBAN DE70 7315 0000 0000 4395 88, Sparkasse Schwaben-Bodensee<\/p>\n\n\n\n<p class=\"has-text-align-left\">Kostenlose Parkm\u00f6glichkeiten in der Alpenstra\u00dfe und und in der Haunstetterstra\u00dfe (gegen\u00fcberliegende Stra\u00dfenseite) ansonsten g\u00fcnstige Anwohner-Parkm\u00f6glichkeiten in der Neidhart-, Lessing- und Hochfeldstra\u00dfe.<\/p>\n\n\n\n<p>Stra\u00dfenbahn Linie &nbsp;2, 3 und 6 Haltestelle \u201eRotes Tor\u201c<br>Buslinie 35 Haltestelle \u201eRotes Tor\u201c<\/p>\n\n\n\n<p><strong>Aktueller Hinweis zur Anfahrt<\/strong>: derzeit wird wegen Bauarbeiten an der Weichenanlage von der Tram die Haltestelle &#8222;Rotes Tor&#8220; nicht angefahren. Die Arbeiten dauern voraussichtlich bis Mitte April an.  <\/p>\n","protected":false},"excerpt":{"rendered":"<p>YIH &#8211; Gabi Theinert Neidhartstr. 786159 AugsburgTel:+49 159 03716992 www.yogaimhof.deinfo@yogaimhof.de Bankverbindung Achtung NEU: Gabriele Theinert, IBAN DE70 7315 0000 0000 4395 88, Sparkasse Schwaben-Bodensee Kostenlose Parkm\u00f6glichkeiten in der Alpenstra\u00dfe und und in der Haunstetterstra\u00dfe (gegen\u00fcberliegende Stra\u00dfenseite) ansonsten g\u00fcnstige Anwohner-Parkm\u00f6glichkeiten in der Neidhart-, Lessing- und Hochfeldstra\u00dfe. Stra\u00dfenbahn Linie &nbsp;2, 3 und 6 Haltestelle \u201eRotes Tor\u201cBuslinie 35 [&hellip;]<\/p>\n","protected":false},"author":1,"featured_media":0,"parent":0,"menu_order":0,"comment_status":"closed","ping_status":"closed","template":"","meta":{"footnotes":""},"class_list":["post-961","page","type-page","status-publish","hentry"],"yoast_head":"<!-- This site is optimized with the Yoast SEO plugin v27.5 - https:\/\/yoast.com\/product\/yoast-seo-wordpress\/ -->\n<title>Kontakt und Lageplan - Yoga im Hof - seit 2005 in Augsburg<\/title>\n<meta name=\"description\" content=\"Hier findest du wie du mit uns in Kontakt kommen kannst und wo und wie du uns findest. Komm auch unangemeldet f\u00fcr eine Probestunde vorbei.\" \/>\n<meta name=\"robots\" content=\"index, follow, max-snippet:-1, max-image-preview:large, max-video-preview:-1\" \/>\n<link rel=\"canonical\" href=\"https:\/\/www.yogaimhof.de\/?page_id=961\" \/>\n<meta property=\"og:locale\" content=\"de_DE\" \/>\n<meta property=\"og:type\" content=\"article\" \/>\n<meta property=\"og:title\" content=\"Kontakt und Lageplan - Yoga im Hof - seit 2005 in Augsburg\" \/>\n<meta property=\"og:description\" content=\"Hier findest du wie du mit uns in Kontakt kommen kannst und wo und wie du uns findest. Komm auch unangemeldet f\u00fcr eine Probestunde vorbei.\" \/>\n<meta property=\"og:url\" content=\"https:\/\/www.yogaimhof.de\/?page_id=961\" \/>\n<meta property=\"og:site_name\" content=\"Yoga im Hof - seit 2005 in Augsburg\" \/>\n<meta property=\"article:publisher\" content=\"https:\/\/www.facebook.com\/profile.php?id=100063689761446\" \/>\n<meta property=\"article:modified_time\" content=\"2026-04-01T19:51:51+00:00\" \/>\n<meta property=\"og:image\" content=\"https:\/\/www.yogaimhof.de\/wp-content\/uploads\/2014\/02\/Yogaimhof_08.jpg\" \/>\n\t<meta property=\"og:image:width\" content=\"890\" \/>\n\t<meta property=\"og:image:height\" content=\"592\" \/>\n\t<meta property=\"og:image:type\" content=\"image\/jpeg\" \/>\n<meta name=\"twitter:card\" content=\"summary_large_image\" \/>\n<meta name=\"twitter:label1\" content=\"Gesch\u00e4tzte Lesezeit\" \/>\n\t<meta name=\"twitter:data1\" content=\"1\u00a0Minute\" \/>\n<script type=\"application\/ld+json\" class=\"yoast-schema-graph\">{\"@context\":\"https:\\\/\\\/schema.org\",\"@graph\":[{\"@type\":\"WebPage\",\"@id\":\"https:\\\/\\\/www.yogaimhof.de\\\/?page_id=961\",\"url\":\"https:\\\/\\\/www.yogaimhof.de\\\/?page_id=961\",\"name\":\"Kontakt und Lageplan - Yoga im Hof - seit 2005 in Augsburg\",\"isPartOf\":{\"@id\":\"https:\\\/\\\/www.yogaimhof.de\\\/#website\"},\"primaryImageOfPage\":{\"@id\":\"https:\\\/\\\/www.yogaimhof.de\\\/?page_id=961#primaryimage\"},\"image\":{\"@id\":\"https:\\\/\\\/www.yogaimhof.de\\\/?page_id=961#primaryimage\"},\"thumbnailUrl\":\"https:\\\/\\\/www.yogaimhof.de\\\/wp-content\\\/uploads\\\/2014\\\/02\\\/Yogaimhof_08.jpg\",\"datePublished\":\"2014-02-13T08:14:49+00:00\",\"dateModified\":\"2026-04-01T19:51:51+00:00\",\"description\":\"Hier findest du wie du mit uns in Kontakt kommen kannst und wo und wie du uns findest. Komm auch unangemeldet f\u00fcr eine Probestunde vorbei.\",\"breadcrumb\":{\"@id\":\"https:\\\/\\\/www.yogaimhof.de\\\/?page_id=961#breadcrumb\"},\"inLanguage\":\"de\",\"potentialAction\":[{\"@type\":\"ReadAction\",\"target\":[\"https:\\\/\\\/www.yogaimhof.de\\\/?page_id=961\"]}]},{\"@type\":\"ImageObject\",\"inLanguage\":\"de\",\"@id\":\"https:\\\/\\\/www.yogaimhof.de\\\/?page_id=961#primaryimage\",\"url\":\"https:\\\/\\\/www.yogaimhof.de\\\/wp-content\\\/uploads\\\/2014\\\/02\\\/Yogaimhof_08.jpg\",\"contentUrl\":\"https:\\\/\\\/www.yogaimhof.de\\\/wp-content\\\/uploads\\\/2014\\\/02\\\/Yogaimhof_08.jpg\",\"width\":890,\"height\":592},{\"@type\":\"BreadcrumbList\",\"@id\":\"https:\\\/\\\/www.yogaimhof.de\\\/?page_id=961#breadcrumb\",\"itemListElement\":[{\"@type\":\"ListItem\",\"position\":1,\"name\":\"Startseite\",\"item\":\"https:\\\/\\\/www.yogaimhof.de\\\/\"},{\"@type\":\"ListItem\",\"position\":2,\"name\":\"Kontakt und Lageplan\"}]},{\"@type\":\"WebSite\",\"@id\":\"https:\\\/\\\/www.yogaimhof.de\\\/#website\",\"url\":\"https:\\\/\\\/www.yogaimhof.de\\\/\",\"name\":\"Yoga im Hof - seit 2005 in Augsburg\",\"description\":\"Zeit f\u00fcr Yoga... Zeit f\u00fcr Dich.\",\"publisher\":{\"@id\":\"https:\\\/\\\/www.yogaimhof.de\\\/#organization\"},\"potentialAction\":[{\"@type\":\"SearchAction\",\"target\":{\"@type\":\"EntryPoint\",\"urlTemplate\":\"https:\\\/\\\/www.yogaimhof.de\\\/?s={search_term_string}\"},\"query-input\":{\"@type\":\"PropertyValueSpecification\",\"valueRequired\":true,\"valueName\":\"search_term_string\"}}],\"inLanguage\":\"de\"},{\"@type\":\"Organization\",\"@id\":\"https:\\\/\\\/www.yogaimhof.de\\\/#organization\",\"name\":\"Yoga im Hof - seit 2005 in Augsburg\",\"url\":\"https:\\\/\\\/www.yogaimhof.de\\\/\",\"logo\":{\"@type\":\"ImageObject\",\"inLanguage\":\"de\",\"@id\":\"https:\\\/\\\/www.yogaimhof.de\\\/#\\\/schema\\\/logo\\\/image\\\/\",\"url\":\"https:\\\/\\\/www.yogaimhof.de\\\/wp-content\\\/uploads\\\/2018\\\/05\\\/Logo-YIH.png\",\"contentUrl\":\"https:\\\/\\\/www.yogaimhof.de\\\/wp-content\\\/uploads\\\/2018\\\/05\\\/Logo-YIH.png\",\"width\":200,\"height\":198,\"caption\":\"Yoga im Hof - seit 2005 in Augsburg\"},\"image\":{\"@id\":\"https:\\\/\\\/www.yogaimhof.de\\\/#\\\/schema\\\/logo\\\/image\\\/\"},\"sameAs\":[\"https:\\\/\\\/www.facebook.com\\\/profile.php?id=100063689761446\"]}]}<\/script>\n<!-- \/ Yoast SEO plugin. -->","yoast_head_json":{"title":"Kontakt und Lageplan - Yoga im Hof - seit 2005 in Augsburg","description":"Hier findest du wie du mit uns in Kontakt kommen kannst und wo und wie du uns findest. Komm auch unangemeldet f\u00fcr eine Probestunde vorbei.","robots":{"index":"index","follow":"follow","max-snippet":"max-snippet:-1","max-image-preview":"max-image-preview:large","max-video-preview":"max-video-preview:-1"},"canonical":"https:\/\/www.yogaimhof.de\/?page_id=961","og_locale":"de_DE","og_type":"article","og_title":"Kontakt und Lageplan - Yoga im Hof - seit 2005 in Augsburg","og_description":"Hier findest du wie du mit uns in Kontakt kommen kannst und wo und wie du uns findest. Komm auch unangemeldet f\u00fcr eine Probestunde vorbei.","og_url":"https:\/\/www.yogaimhof.de\/?page_id=961","og_site_name":"Yoga im Hof - seit 2005 in Augsburg","article_publisher":"https:\/\/www.facebook.com\/profile.php?id=100063689761446","article_modified_time":"2026-04-01T19:51:51+00:00","og_image":[{"width":890,"height":592,"url":"https:\/\/www.yogaimhof.de\/wp-content\/uploads\/2014\/02\/Yogaimhof_08.jpg","type":"image\/jpeg"}],"twitter_card":"summary_large_image","twitter_misc":{"Gesch\u00e4tzte Lesezeit":"1\u00a0Minute"},"schema":{"@context":"https:\/\/schema.org","@graph":[{"@type":"WebPage","@id":"https:\/\/www.yogaimhof.de\/?page_id=961","url":"https:\/\/www.yogaimhof.de\/?page_id=961","name":"Kontakt und Lageplan - Yoga im Hof - seit 2005 in Augsburg","isPartOf":{"@id":"https:\/\/www.yogaimhof.de\/#website"},"primaryImageOfPage":{"@id":"https:\/\/www.yogaimhof.de\/?page_id=961#primaryimage"},"image":{"@id":"https:\/\/www.yogaimhof.de\/?page_id=961#primaryimage"},"thumbnailUrl":"https:\/\/www.yogaimhof.de\/wp-content\/uploads\/2014\/02\/Yogaimhof_08.jpg","datePublished":"2014-02-13T08:14:49+00:00","dateModified":"2026-04-01T19:51:51+00:00","description":"Hier findest du wie du mit uns in Kontakt kommen kannst und wo und wie du uns findest. Komm auch unangemeldet f\u00fcr eine Probestunde vorbei.","breadcrumb":{"@id":"https:\/\/www.yogaimhof.de\/?page_id=961#breadcrumb"},"inLanguage":"de","potentialAction":[{"@type":"ReadAction","target":["https:\/\/www.yogaimhof.de\/?page_id=961"]}]},{"@type":"ImageObject","inLanguage":"de","@id":"https:\/\/www.yogaimhof.de\/?page_id=961#primaryimage","url":"https:\/\/www.yogaimhof.de\/wp-content\/uploads\/2014\/02\/Yogaimhof_08.jpg","contentUrl":"https:\/\/www.yogaimhof.de\/wp-content\/uploads\/2014\/02\/Yogaimhof_08.jpg","width":890,"height":592},{"@type":"BreadcrumbList","@id":"https:\/\/www.yogaimhof.de\/?page_id=961#breadcrumb","itemListElement":[{"@type":"ListItem","position":1,"name":"Startseite","item":"https:\/\/www.yogaimhof.de\/"},{"@type":"ListItem","position":2,"name":"Kontakt und Lageplan"}]},{"@type":"WebSite","@id":"https:\/\/www.yogaimhof.de\/#website","url":"https:\/\/www.yogaimhof.de\/","name":"Yoga im Hof - seit 2005 in Augsburg","description":"Zeit f\u00fcr Yoga... Zeit f\u00fcr Dich.","publisher":{"@id":"https:\/\/www.yogaimhof.de\/#organization"},"potentialAction":[{"@type":"SearchAction","target":{"@type":"EntryPoint","urlTemplate":"https:\/\/www.yogaimhof.de\/?s={search_term_string}"},"query-input":{"@type":"PropertyValueSpecification","valueRequired":true,"valueName":"search_term_string"}}],"inLanguage":"de"},{"@type":"Organization","@id":"https:\/\/www.yogaimhof.de\/#organization","name":"Yoga im Hof - seit 2005 in Augsburg","url":"https:\/\/www.yogaimhof.de\/","logo":{"@type":"ImageObject","inLanguage":"de","@id":"https:\/\/www.yogaimhof.de\/#\/schema\/logo\/image\/","url":"https:\/\/www.yogaimhof.de\/wp-content\/uploads\/2018\/05\/Logo-YIH.png","contentUrl":"https:\/\/www.yogaimhof.de\/wp-content\/uploads\/2018\/05\/Logo-YIH.png","width":200,"height":198,"caption":"Yoga im Hof - seit 2005 in Augsburg"},"image":{"@id":"https:\/\/www.yogaimhof.de\/#\/schema\/logo\/image\/"},"sameAs":["https:\/\/www.facebook.com\/profile.php?id=100063689761446"]}]}},"_links":{"self":[{"href":"https:\/\/www.yogaimhof.de\/index.php?rest_route=\/wp\/v2\/pages\/961","targetHints":{"allow":["GET"]}}],"collection":[{"href":"https:\/\/www.yogaimhof.de\/index.php?rest_route=\/wp\/v2\/pages"}],"about":[{"href":"https:\/\/www.yogaimhof.de\/index.php?rest_route=\/wp\/v2\/types\/page"}],"author":[{"embeddable":true,"href":"https:\/\/www.yogaimhof.de\/index.php?rest_route=\/wp\/v2\/users\/1"}],"replies":[{"embeddable":true,"href":"https:\/\/www.yogaimhof.de\/index.php?rest_route=%2Fwp%2Fv2%2Fcomments&post=961"}],"version-history":[{"count":29,"href":"https:\/\/www.yogaimhof.de\/index.php?rest_route=\/wp\/v2\/pages\/961\/revisions"}],"predecessor-version":[{"id":8107,"href":"https:\/\/www.yogaimhof.de\/index.php?rest_route=\/wp\/v2\/pages\/961\/revisions\/8107"}],"wp:attachment":[{"href":"https:\/\/www.yogaimhof.de\/index.php?rest_route=%2Fwp%2Fv2%2Fmedia&parent=961"}],"curies":[{"name":"wp","href":"https:\/\/api.w.org\/{rel}","templated":true}]}}