{"id":625,"date":"2012-03-20T12:18:51","date_gmt":"2012-03-20T10:18:51","guid":{"rendered":"http:\/\/www.yogaimhof.de\/blog\/?page_id=625"},"modified":"2023-03-13T11:13:03","modified_gmt":"2023-03-13T10:13:03","slug":"neu-bei-yoga-im-hof-die-yogalehrerausbildung","status":"publish","type":"page","link":"https:\/\/www.yogaimhof.de\/?page_id=625","title":{"rendered":"Yogalehrerausbildung"},"content":{"rendered":"\n<p>Wir freuen uns sehr \u00fcber das <span style=\"color: #333333;\">Interesse<\/span> an unserer Yogalehrer:innenausbildung! Im Oktober 2018 haben wir wieder eine einj\u00e4hrige Ausbildung (200h Yogaalliance zertifiziert) abgeschlossen. <strong>Weitere Termine sind noch nicht geplant.<\/strong><\/p>\n\n\n\n<h5 class=\"has-text-align-center wp-block-heading\"><a href=\"https:\/\/www.yogaimhof.de\/wp-content\/uploads\/2018\/12\/18-625-page\/Feedback-YLA.pdf\"><span style=\"color: #808080;\"><strong>Feedbacks zu vergangenen Ausbildungen k\u00f6nnt ihr hier nachlesen!<\/strong><\/span><\/a><\/h5>\n\n\n\n<figure class=\"wp-block-image aligncenter size-full is-resized\"><img loading=\"lazy\" decoding=\"async\" src=\"https:\/\/www.yogaimhof.de\/wp-content\/uploads\/2023\/03\/YLA.png\" alt=\"\" class=\"wp-image-4935\" width=\"469\" height=\"359\" srcset=\"https:\/\/www.yogaimhof.de\/wp-content\/uploads\/2023\/03\/YLA.png 625w, https:\/\/www.yogaimhof.de\/wp-content\/uploads\/2023\/03\/YLA-300x230.png 300w\" sizes=\"auto, (max-width: 469px) 100vw, 469px\" \/><\/figure>\n\n\n\n<figure class=\"wp-block-image aligncenter size-large wp-duotone-000000-345c00-1\"><img loading=\"lazy\" decoding=\"async\" width=\"155\" height=\"155\" src=\"https:\/\/www.yogaimhof.de\/wp-content\/uploads\/2014\/02\/T01-YA-TEACHER-ERYT-500.png.png\" alt=\"\" class=\"wp-image-1181\" srcset=\"https:\/\/www.yogaimhof.de\/wp-content\/uploads\/2014\/02\/T01-YA-TEACHER-ERYT-500.png.png 155w, https:\/\/www.yogaimhof.de\/wp-content\/uploads\/2014\/02\/T01-YA-TEACHER-ERYT-500.png-150x150.png 150w\" sizes=\"auto, (max-width: 155px) 100vw, 155px\" \/><\/figure>\n\n\n\n<figure class=\"wp-block-image aligncenter size-large has-custom-border wp-duotone-000000-345c00-2\"><img loading=\"lazy\" decoding=\"async\" width=\"155\" height=\"155\" src=\"https:\/\/www.yogaimhof.de\/wp-content\/uploads\/2014\/02\/S01-YA-SCHOOL-RYS-200.png.png\" alt=\"\" class=\"wp-image-1183\" style=\"border-style:none;border-width:0px;border-radius:0px\" srcset=\"https:\/\/www.yogaimhof.de\/wp-content\/uploads\/2014\/02\/S01-YA-SCHOOL-RYS-200.png.png 155w, https:\/\/www.yogaimhof.de\/wp-content\/uploads\/2014\/02\/S01-YA-SCHOOL-RYS-200.png-150x150.png 150w\" sizes=\"auto, (max-width: 155px) 100vw, 155px\" \/><\/figure>\n","protected":false},"excerpt":{"rendered":"<p>Wir freuen uns sehr \u00fcber das Interesse an unserer Yogalehrer:innenausbildung! Im Oktober 2018 haben wir wieder eine einj\u00e4hrige Ausbildung (200h Yogaalliance zertifiziert) abgeschlossen. Weitere Termine sind noch nicht geplant. Feedbacks zu vergangenen Ausbildungen k\u00f6nnt ihr hier nachlesen!<\/p>\n","protected":false},"author":1,"featured_media":0,"parent":0,"menu_order":0,"comment_status":"closed","ping_status":"closed","template":"","meta":{"footnotes":""},"class_list":["post-625","page","type-page","status-publish","hentry"],"yoast_head":"<!-- This site is optimized with the Yoast SEO plugin v27.5 - https:\/\/yoast.com\/product\/yoast-seo-wordpress\/ -->\n<title>Yogalehrerausbildung - Yoga im Hof - seit 2005 in Augsburg<\/title>\n<meta name=\"description\" content=\"Zwischen 2011 und 2018 haben wir 4 einj\u00e4hrige Yogalehrerausbildungen und eine vom BDY anerkannte Ausbildung \u00fcber 500 UE durchgef\u00fchrt.\" \/>\n<meta name=\"robots\" content=\"index, follow, max-snippet:-1, max-image-preview:large, max-video-preview:-1\" \/>\n<link rel=\"canonical\" href=\"https:\/\/www.yogaimhof.de\/?page_id=625\" \/>\n<meta property=\"og:locale\" content=\"de_DE\" \/>\n<meta property=\"og:type\" content=\"article\" \/>\n<meta property=\"og:title\" content=\"Yogalehrerausbildung - Yoga im Hof - seit 2005 in Augsburg\" \/>\n<meta property=\"og:description\" content=\"Zwischen 2011 und 2018 haben wir 4 einj\u00e4hrige Yogalehrerausbildungen und eine vom BDY anerkannte Ausbildung \u00fcber 500 UE durchgef\u00fchrt.\" \/>\n<meta property=\"og:url\" content=\"https:\/\/www.yogaimhof.de\/?page_id=625\" \/>\n<meta property=\"og:site_name\" content=\"Yoga im Hof - seit 2005 in Augsburg\" \/>\n<meta property=\"article:publisher\" content=\"https:\/\/www.facebook.com\/profile.php?id=100063689761446\" \/>\n<meta property=\"article:modified_time\" content=\"2023-03-13T10:13:03+00:00\" \/>\n<meta property=\"og:image\" content=\"https:\/\/www.yogaimhof.de\/wp-content\/uploads\/2023\/03\/YLA.png\" \/>\n<meta name=\"twitter:card\" content=\"summary_large_image\" \/>\n<meta name=\"twitter:label1\" content=\"Gesch\u00e4tzte Lesezeit\" \/>\n\t<meta name=\"twitter:data1\" content=\"1\u00a0Minute\" \/>\n<script type=\"application\/ld+json\" class=\"yoast-schema-graph\">{\"@context\":\"https:\\\/\\\/schema.org\",\"@graph\":[{\"@type\":\"WebPage\",\"@id\":\"https:\\\/\\\/www.yogaimhof.de\\\/?page_id=625\",\"url\":\"https:\\\/\\\/www.yogaimhof.de\\\/?page_id=625\",\"name\":\"Yogalehrerausbildung - Yoga im Hof - seit 2005 in Augsburg\",\"isPartOf\":{\"@id\":\"https:\\\/\\\/www.yogaimhof.de\\\/#website\"},\"primaryImageOfPage\":{\"@id\":\"https:\\\/\\\/www.yogaimhof.de\\\/?page_id=625#primaryimage\"},\"image\":{\"@id\":\"https:\\\/\\\/www.yogaimhof.de\\\/?page_id=625#primaryimage\"},\"thumbnailUrl\":\"https:\\\/\\\/www.yogaimhof.de\\\/wp-content\\\/uploads\\\/2023\\\/03\\\/YLA.png\",\"datePublished\":\"2012-03-20T10:18:51+00:00\",\"dateModified\":\"2023-03-13T10:13:03+00:00\",\"description\":\"Zwischen 2011 und 2018 haben wir 4 einj\u00e4hrige Yogalehrerausbildungen und eine vom BDY anerkannte Ausbildung \u00fcber 500 UE durchgef\u00fchrt.\",\"breadcrumb\":{\"@id\":\"https:\\\/\\\/www.yogaimhof.de\\\/?page_id=625#breadcrumb\"},\"inLanguage\":\"de\",\"potentialAction\":[{\"@type\":\"ReadAction\",\"target\":[\"https:\\\/\\\/www.yogaimhof.de\\\/?page_id=625\"]}]},{\"@type\":\"ImageObject\",\"inLanguage\":\"de\",\"@id\":\"https:\\\/\\\/www.yogaimhof.de\\\/?page_id=625#primaryimage\",\"url\":\"https:\\\/\\\/www.yogaimhof.de\\\/wp-content\\\/uploads\\\/2023\\\/03\\\/YLA.png\",\"contentUrl\":\"https:\\\/\\\/www.yogaimhof.de\\\/wp-content\\\/uploads\\\/2023\\\/03\\\/YLA.png\",\"width\":625,\"height\":479},{\"@type\":\"BreadcrumbList\",\"@id\":\"https:\\\/\\\/www.yogaimhof.de\\\/?page_id=625#breadcrumb\",\"itemListElement\":[{\"@type\":\"ListItem\",\"position\":1,\"name\":\"Startseite\",\"item\":\"https:\\\/\\\/www.yogaimhof.de\\\/\"},{\"@type\":\"ListItem\",\"position\":2,\"name\":\"Yogalehrerausbildung\"}]},{\"@type\":\"WebSite\",\"@id\":\"https:\\\/\\\/www.yogaimhof.de\\\/#website\",\"url\":\"https:\\\/\\\/www.yogaimhof.de\\\/\",\"name\":\"Yoga im Hof - seit 2005 in Augsburg\",\"description\":\"Zeit f\u00fcr Yoga... Zeit f\u00fcr Dich.\",\"publisher\":{\"@id\":\"https:\\\/\\\/www.yogaimhof.de\\\/#organization\"},\"potentialAction\":[{\"@type\":\"SearchAction\",\"target\":{\"@type\":\"EntryPoint\",\"urlTemplate\":\"https:\\\/\\\/www.yogaimhof.de\\\/?s={search_term_string}\"},\"query-input\":{\"@type\":\"PropertyValueSpecification\",\"valueRequired\":true,\"valueName\":\"search_term_string\"}}],\"inLanguage\":\"de\"},{\"@type\":\"Organization\",\"@id\":\"https:\\\/\\\/www.yogaimhof.de\\\/#organization\",\"name\":\"Yoga im Hof - seit 2005 in Augsburg\",\"url\":\"https:\\\/\\\/www.yogaimhof.de\\\/\",\"logo\":{\"@type\":\"ImageObject\",\"inLanguage\":\"de\",\"@id\":\"https:\\\/\\\/www.yogaimhof.de\\\/#\\\/schema\\\/logo\\\/image\\\/\",\"url\":\"https:\\\/\\\/www.yogaimhof.de\\\/wp-content\\\/uploads\\\/2018\\\/05\\\/Logo-YIH.png\",\"contentUrl\":\"https:\\\/\\\/www.yogaimhof.de\\\/wp-content\\\/uploads\\\/2018\\\/05\\\/Logo-YIH.png\",\"width\":200,\"height\":198,\"caption\":\"Yoga im Hof - seit 2005 in Augsburg\"},\"image\":{\"@id\":\"https:\\\/\\\/www.yogaimhof.de\\\/#\\\/schema\\\/logo\\\/image\\\/\"},\"sameAs\":[\"https:\\\/\\\/www.facebook.com\\\/profile.php?id=100063689761446\"]}]}<\/script>\n<!-- \/ Yoast SEO plugin. -->","yoast_head_json":{"title":"Yogalehrerausbildung - Yoga im Hof - seit 2005 in Augsburg","description":"Zwischen 2011 und 2018 haben wir 4 einj\u00e4hrige Yogalehrerausbildungen und eine vom BDY anerkannte Ausbildung \u00fcber 500 UE durchgef\u00fchrt.","robots":{"index":"index","follow":"follow","max-snippet":"max-snippet:-1","max-image-preview":"max-image-preview:large","max-video-preview":"max-video-preview:-1"},"canonical":"https:\/\/www.yogaimhof.de\/?page_id=625","og_locale":"de_DE","og_type":"article","og_title":"Yogalehrerausbildung - Yoga im Hof - seit 2005 in Augsburg","og_description":"Zwischen 2011 und 2018 haben wir 4 einj\u00e4hrige Yogalehrerausbildungen und eine vom BDY anerkannte Ausbildung \u00fcber 500 UE durchgef\u00fchrt.","og_url":"https:\/\/www.yogaimhof.de\/?page_id=625","og_site_name":"Yoga im Hof - seit 2005 in Augsburg","article_publisher":"https:\/\/www.facebook.com\/profile.php?id=100063689761446","article_modified_time":"2023-03-13T10:13:03+00:00","og_image":[{"url":"https:\/\/www.yogaimhof.de\/wp-content\/uploads\/2023\/03\/YLA.png","type":"","width":"","height":""}],"twitter_card":"summary_large_image","twitter_misc":{"Gesch\u00e4tzte Lesezeit":"1\u00a0Minute"},"schema":{"@context":"https:\/\/schema.org","@graph":[{"@type":"WebPage","@id":"https:\/\/www.yogaimhof.de\/?page_id=625","url":"https:\/\/www.yogaimhof.de\/?page_id=625","name":"Yogalehrerausbildung - Yoga im Hof - seit 2005 in Augsburg","isPartOf":{"@id":"https:\/\/www.yogaimhof.de\/#website"},"primaryImageOfPage":{"@id":"https:\/\/www.yogaimhof.de\/?page_id=625#primaryimage"},"image":{"@id":"https:\/\/www.yogaimhof.de\/?page_id=625#primaryimage"},"thumbnailUrl":"https:\/\/www.yogaimhof.de\/wp-content\/uploads\/2023\/03\/YLA.png","datePublished":"2012-03-20T10:18:51+00:00","dateModified":"2023-03-13T10:13:03+00:00","description":"Zwischen 2011 und 2018 haben wir 4 einj\u00e4hrige Yogalehrerausbildungen und eine vom BDY anerkannte Ausbildung \u00fcber 500 UE durchgef\u00fchrt.","breadcrumb":{"@id":"https:\/\/www.yogaimhof.de\/?page_id=625#breadcrumb"},"inLanguage":"de","potentialAction":[{"@type":"ReadAction","target":["https:\/\/www.yogaimhof.de\/?page_id=625"]}]},{"@type":"ImageObject","inLanguage":"de","@id":"https:\/\/www.yogaimhof.de\/?page_id=625#primaryimage","url":"https:\/\/www.yogaimhof.de\/wp-content\/uploads\/2023\/03\/YLA.png","contentUrl":"https:\/\/www.yogaimhof.de\/wp-content\/uploads\/2023\/03\/YLA.png","width":625,"height":479},{"@type":"BreadcrumbList","@id":"https:\/\/www.yogaimhof.de\/?page_id=625#breadcrumb","itemListElement":[{"@type":"ListItem","position":1,"name":"Startseite","item":"https:\/\/www.yogaimhof.de\/"},{"@type":"ListItem","position":2,"name":"Yogalehrerausbildung"}]},{"@type":"WebSite","@id":"https:\/\/www.yogaimhof.de\/#website","url":"https:\/\/www.yogaimhof.de\/","name":"Yoga im Hof - seit 2005 in Augsburg","description":"Zeit f\u00fcr Yoga... Zeit f\u00fcr Dich.","publisher":{"@id":"https:\/\/www.yogaimhof.de\/#organization"},"potentialAction":[{"@type":"SearchAction","target":{"@type":"EntryPoint","urlTemplate":"https:\/\/www.yogaimhof.de\/?s={search_term_string}"},"query-input":{"@type":"PropertyValueSpecification","valueRequired":true,"valueName":"search_term_string"}}],"inLanguage":"de"},{"@type":"Organization","@id":"https:\/\/www.yogaimhof.de\/#organization","name":"Yoga im Hof - seit 2005 in Augsburg","url":"https:\/\/www.yogaimhof.de\/","logo":{"@type":"ImageObject","inLanguage":"de","@id":"https:\/\/www.yogaimhof.de\/#\/schema\/logo\/image\/","url":"https:\/\/www.yogaimhof.de\/wp-content\/uploads\/2018\/05\/Logo-YIH.png","contentUrl":"https:\/\/www.yogaimhof.de\/wp-content\/uploads\/2018\/05\/Logo-YIH.png","width":200,"height":198,"caption":"Yoga im Hof - seit 2005 in Augsburg"},"image":{"@id":"https:\/\/www.yogaimhof.de\/#\/schema\/logo\/image\/"},"sameAs":["https:\/\/www.facebook.com\/profile.php?id=100063689761446"]}]}},"_links":{"self":[{"href":"https:\/\/www.yogaimhof.de\/index.php?rest_route=\/wp\/v2\/pages\/625","targetHints":{"allow":["GET"]}}],"collection":[{"href":"https:\/\/www.yogaimhof.de\/index.php?rest_route=\/wp\/v2\/pages"}],"about":[{"href":"https:\/\/www.yogaimhof.de\/index.php?rest_route=\/wp\/v2\/types\/page"}],"author":[{"embeddable":true,"href":"https:\/\/www.yogaimhof.de\/index.php?rest_route=\/wp\/v2\/users\/1"}],"replies":[{"embeddable":true,"href":"https:\/\/www.yogaimhof.de\/index.php?rest_route=%2Fwp%2Fv2%2Fcomments&post=625"}],"version-history":[{"count":48,"href":"https:\/\/www.yogaimhof.de\/index.php?rest_route=\/wp\/v2\/pages\/625\/revisions"}],"predecessor-version":[{"id":4937,"href":"https:\/\/www.yogaimhof.de\/index.php?rest_route=\/wp\/v2\/pages\/625\/revisions\/4937"}],"wp:attachment":[{"href":"https:\/\/www.yogaimhof.de\/index.php?rest_route=%2Fwp%2Fv2%2Fmedia&parent=625"}],"curies":[{"name":"wp","href":"https:\/\/api.w.org\/{rel}","templated":true}]}}

<p>Wir freuen uns sehr über das <span style="color: #333333;">Interesse</span> an unserer Yogalehrer:innenausbildung! Im Oktober 2018 haben wir wieder eine einjährige Ausbildung (200h Yogaalliance zertifiziert) abgeschlossen. <strong>Weitere Termine sind noch nicht geplant.</strong></p>



<h5 class="has-text-align-center wp-block-heading"><a href="https://www.yogaimhof.de/wp-content/uploads/2018/12/18-625-page/Feedback-YLA.pdf"><span style="color: #808080;"><strong>Feedbacks zu vergangenen Ausbildungen könnt ihr hier nachlesen!</strong></span></a></h5>



<figure class="wp-block-image aligncenter size-full is-resized"><img loading="lazy" decoding="async" src="https://www.yogaimhof.de/wp-content/uploads/2023/03/YLA.png" alt="" class="wp-image-4935" width="469" height="359" srcset="https://www.yogaimhof.de/wp-content/uploads/2023/03/YLA.png 625w, https://www.yogaimhof.de/wp-content/uploads/2023/03/YLA-300x230.png 300w" sizes="auto, (max-width: 469px) 100vw, 469px" /></figure>



<figure class="wp-block-image aligncenter size-large wp-duotone-000000-345c00-1"><img loading="lazy" decoding="async" width="155" height="155" src="https://www.yogaimhof.de/wp-content/uploads/2014/02/T01-YA-TEACHER-ERYT-500.png.png" alt="" class="wp-image-1181" srcset="https://www.yogaimhof.de/wp-content/uploads/2014/02/T01-YA-TEACHER-ERYT-500.png.png 155w, https://www.yogaimhof.de/wp-content/uploads/2014/02/T01-YA-TEACHER-ERYT-500.png-150x150.png 150w" sizes="auto, (max-width: 155px) 100vw, 155px" /></figure>



<figure class="wp-block-image aligncenter size-large has-custom-border wp-duotone-000000-345c00-2"><img loading="lazy" decoding="async" width="155" height="155" src="https://www.yogaimhof.de/wp-content/uploads/2014/02/S01-YA-SCHOOL-RYS-200.png.png" alt="" class="wp-image-1183" style="border-style:none;border-width:0px;border-radius:0px" srcset="https://www.yogaimhof.de/wp-content/uploads/2014/02/S01-YA-SCHOOL-RYS-200.png.png 155w, https://www.yogaimhof.de/wp-content/uploads/2014/02/S01-YA-SCHOOL-RYS-200.png-150x150.png 150w" sizes="auto, (max-width: 155px) 100vw, 155px" /></figure>

<p>Wir freuen uns sehr über das Interesse an unserer Yogalehrer:innenausbildung! Im Oktober 2018 haben wir wieder eine einjährige Ausbildung (200h Yogaalliance zertifiziert) abgeschlossen. Weitere Termine sind noch nicht geplant. Feedbacks zu vergangenen Ausbildungen könnt ihr hier nachlesen!</p>

<!-- This site is optimized with the Yoast SEO plugin v27.5 - https://yoast.com/product/yoast-seo-wordpress/ -->
<title>Yogalehrerausbildung - Yoga im Hof - seit 2005 in Augsburg</title>
<meta name="description" content="Zwischen 2011 und 2018 haben wir 4 einjährige Yogalehrerausbildungen und eine vom BDY anerkannte Ausbildung über 500 UE durchgeführt." />
<meta name="robots" content="index, follow, max-snippet:-1, max-image-preview:large, max-video-preview:-1" />
<link rel="canonical" href="https://www.yogaimhof.de/?page_id=625" />
<meta property="og:locale" content="de_DE" />
<meta property="og:type" content="article" />
<meta property="og:title" content="Yogalehrerausbildung - Yoga im Hof - seit 2005 in Augsburg" />
<meta property="og:description" content="Zwischen 2011 und 2018 haben wir 4 einjährige Yogalehrerausbildungen und eine vom BDY anerkannte Ausbildung über 500 UE durchgeführt." />
<meta property="og:url" content="https://www.yogaimhof.de/?page_id=625" />
<meta property="og:site_name" content="Yoga im Hof - seit 2005 in Augsburg" />
<meta property="article:publisher" content="https://www.facebook.com/profile.php?id=100063689761446" />
<meta property="article:modified_time" content="2023-03-13T10:13:03+00:00" />
<meta property="og:image" content="https://www.yogaimhof.de/wp-content/uploads/2023/03/YLA.png" />
<meta name="twitter:card" content="summary_large_image" />
<meta name="twitter:label1" content="Geschätzte Lesezeit" />
	<meta name="twitter:data1" content="1 Minute" />
<script type="application/ld+json" class="yoast-schema-graph">{"@context":"https:\/\/schema.org","@graph":[{"@type":"WebPage","@id":"https:\/\/www.yogaimhof.de\/?page_id=625","url":"https:\/\/www.yogaimhof.de\/?page_id=625","name":"Yogalehrerausbildung - Yoga im Hof - seit 2005 in Augsburg","isPartOf":{"@id":"https:\/\/www.yogaimhof.de\/#website"},"primaryImageOfPage":{"@id":"https:\/\/www.yogaimhof.de\/?page_id=625#primaryimage"},"image":{"@id":"https:\/\/www.yogaimhof.de\/?page_id=625#primaryimage"},"thumbnailUrl":"https:\/\/www.yogaimhof.de\/wp-content\/uploads\/2023\/03\/YLA.png","datePublished":"2012-03-20T10:18:51+00:00","dateModified":"2023-03-13T10:13:03+00:00","description":"Zwischen 2011 und 2018 haben wir 4 einjährige Yogalehrerausbildungen und eine vom BDY anerkannte Ausbildung über 500 UE durchgeführt.","breadcrumb":{"@id":"https:\/\/www.yogaimhof.de\/?page_id=625#breadcrumb"},"inLanguage":"de","potentialAction":[{"@type":"ReadAction","target":["https:\/\/www.yogaimhof.de\/?page_id=625"]}]},{"@type":"ImageObject","inLanguage":"de","@id":"https:\/\/www.yogaimhof.de\/?page_id=625#primaryimage","url":"https:\/\/www.yogaimhof.de\/wp-content\/uploads\/2023\/03\/YLA.png","contentUrl":"https:\/\/www.yogaimhof.de\/wp-content\/uploads\/2023\/03\/YLA.png","width":625,"height":479},{"@type":"BreadcrumbList","@id":"https:\/\/www.yogaimhof.de\/?page_id=625#breadcrumb","itemListElement":[{"@type":"ListItem","position":1,"name":"Startseite","item":"https:\/\/www.yogaimhof.de\/"},{"@type":"ListItem","position":2,"name":"Yogalehrerausbildung"}]},{"@type":"WebSite","@id":"https:\/\/www.yogaimhof.de\/#website","url":"https:\/\/www.yogaimhof.de\/","name":"Yoga im Hof - seit 2005 in Augsburg","description":"Zeit für Yoga... Zeit für Dich.","publisher":{"@id":"https:\/\/www.yogaimhof.de\/#organization"},"potentialAction":[{"@type":"SearchAction","target":{"@type":"EntryPoint","urlTemplate":"https:\/\/www.yogaimhof.de\/?s={search_term_string}"},"query-input":{"@type":"PropertyValueSpecification","valueRequired":true,"valueName":"search_term_string"}}],"inLanguage":"de"},{"@type":"Organization","@id":"https:\/\/www.yogaimhof.de\/#organization","name":"Yoga im Hof - seit 2005 in Augsburg","url":"https:\/\/www.yogaimhof.de\/","logo":{"@type":"ImageObject","inLanguage":"de","@id":"https:\/\/www.yogaimhof.de\/#\/schema\/logo\/image\/","url":"https:\/\/www.yogaimhof.de\/wp-content\/uploads\/2018\/05\/Logo-YIH.png","contentUrl":"https:\/\/www.yogaimhof.de\/wp-content\/uploads\/2018\/05\/Logo-YIH.png","width":200,"height":198,"caption":"Yoga im Hof - seit 2005 in Augsburg"},"image":{"@id":"https:\/\/www.yogaimhof.de\/#\/schema\/logo\/image\/"},"sameAs":["https:\/\/www.facebook.com\/profile.php?id=100063689761446"]}]}</script>
<!-- / Yoast SEO plugin. -->

Zwischen 2011 und 2018 haben wir 4 einjährige Yogalehrerausbildungen und eine vom BDY anerkannte Ausbildung über 500 UE durchgeführt.

Zeit für Yoga... Zeit für Dich.
