{"id":5108,"date":"2023-07-10T10:40:56","date_gmt":"2023-07-10T09:40:56","guid":{"rendered":"https:\/\/www.yogaimhof.de\/?page_id=5108"},"modified":"2024-09-30T14:37:28","modified_gmt":"2024-09-30T13:37:28","slug":"bio-eva","status":"publish","type":"page","link":"https:\/\/www.yogaimhof.de\/?page_id=5108","title":{"rendered":"Bio Eva"},"content":{"rendered":"\n<p>Nach einigen Jahren eigener Yogapraxis erf\u00fcllte ich mir den Wunsch tiefer in den Yogaweg einzutauchen und begann 2017 meine Ausbildung zur Yogalehrerin bei Yoga im Hof. Nach der Grundausbildung folgten verschiedene Weiterbildungen, Fortbildungen und Workshops unter anderem bei Yoga Vidya. Yoga bietet mir nicht nur Ausgleich zu meiner hauptberuflichen T\u00e4tigkeit im Marketing, sondern er\u00f6ffnet mir die Perspektive des SEINs als Basis, auf der sich das TUN der Lebensreise entwickelt. F\u00fcr mich gibt es keinen Bereich des Lebens, den Yoga nicht ber\u00fchren w\u00fcrde.<\/p>\n\n\n\n<p>In meine Stunden kommt es mir insbesondere darauf an den Weg feizumachen f\u00fcr das,\u00a0 was wir Pr\u00e4senz oder Gegenw\u00e4rtigkeit nennen. Achtsamkeit ist der Weg dorthin: Bewusst mitzubekommen, was im Normalfall an unbewussten Prozessen im K\u00f6rper, Geist, oder auf emotionaler Ebene abl\u00e4uft. Dieses Erkennen f\u00fchrt zu einer Pr\u00e4snenz aus der heraus sich das Leben auf viel intensivere und freudvollere Weise entfalten kann. Was folgt ist das Begreifen des eigenenen Selbst als wahrnehmende Instanz, die so unvertrickter und offener und damit auch g\u00fcnstiger auf die inneren und sogenannten \u00e4u\u00dferen Faktoren und Geschehnisse reagiert. Diesen Fokus setze ich bei all meinen Stunden, die von achtsam langsam bis hin zu energetisierenden Flows die Vielf\u00e4ltigkeit des integralen Yoga abzubilden suchen. Mehr zu mir findest du auf meiner Hompage:\u00a0<a href=\"http:\/\/www.yogisch.com\/\">www.yogisch.com<\/a>.\u00a0<\/p>\n\n\n\n<p><p class=\"Text\" style=\"margin: 0cm; font-size: 11pt; font-family: &quot;Helvetica Neue&quot;; border: medium; white-space: normal;\"><span style=\"font-size: 12pt; font-family: Arial, sans-serif;\"><o:p>\u00a0<\/o:p><\/span><\/p><\/p>\n\n\n\n<figure class=\"wp-block-image size-large\"><img loading=\"lazy\" decoding=\"async\" width=\"1024\" height=\"768\" src=\"https:\/\/www.yogaimhof.de\/wp-content\/uploads\/2023\/04\/IMG_6148-1024x768.jpeg\" alt=\"\" class=\"wp-image-5085\" srcset=\"https:\/\/www.yogaimhof.de\/wp-content\/uploads\/2023\/04\/IMG_6148-1024x768.jpeg 1024w, https:\/\/www.yogaimhof.de\/wp-content\/uploads\/2023\/04\/IMG_6148-300x225.jpeg 300w, https:\/\/www.yogaimhof.de\/wp-content\/uploads\/2023\/04\/IMG_6148-768x576.jpeg 768w, https:\/\/www.yogaimhof.de\/wp-content\/uploads\/2023\/04\/IMG_6148-1536x1152.jpeg 1536w, https:\/\/www.yogaimhof.de\/wp-content\/uploads\/2023\/04\/IMG_6148-2048x1536.jpeg 2048w\" sizes=\"auto, (max-width: 1024px) 100vw, 1024px\" \/><\/figure>\n","protected":false},"excerpt":{"rendered":"<p>Nach einigen Jahren eigener Yogapraxis erf\u00fcllte ich mir den Wunsch tiefer in den Yogaweg einzutauchen und begann 2017 meine Ausbildung zur Yogalehrerin bei Yoga im Hof. Nach der Grundausbildung folgten verschiedene Weiterbildungen, Fortbildungen und Workshops unter anderem bei Yoga Vidya. Yoga bietet mir nicht nur Ausgleich zu meiner hauptberuflichen T\u00e4tigkeit im Marketing, sondern er\u00f6ffnet mir [&hellip;]<\/p>\n","protected":false},"author":1,"featured_media":0,"parent":0,"menu_order":0,"comment_status":"closed","ping_status":"closed","template":"","meta":{"footnotes":""},"class_list":["post-5108","page","type-page","status-publish","hentry"],"yoast_head":"<!-- This site is optimized with the Yoast SEO plugin v27.5 - https:\/\/yoast.com\/product\/yoast-seo-wordpress\/ -->\n<title>Bio Eva - Yoga im Hof - seit 2005 in Augsburg<\/title>\n<meta name=\"robots\" content=\"index, follow, max-snippet:-1, max-image-preview:large, max-video-preview:-1\" \/>\n<link rel=\"canonical\" href=\"https:\/\/www.yogaimhof.de\/?page_id=5108\" \/>\n<meta property=\"og:locale\" content=\"de_DE\" \/>\n<meta property=\"og:type\" content=\"article\" \/>\n<meta property=\"og:title\" content=\"Bio Eva - Yoga im Hof - seit 2005 in Augsburg\" \/>\n<meta property=\"og:description\" content=\"Nach einigen Jahren eigener Yogapraxis erf\u00fcllte ich mir den Wunsch tiefer in den Yogaweg einzutauchen und begann 2017 meine Ausbildung zur Yogalehrerin bei Yoga im Hof. Nach der Grundausbildung folgten verschiedene Weiterbildungen, Fortbildungen und Workshops unter anderem bei Yoga Vidya. Yoga bietet mir nicht nur Ausgleich zu meiner hauptberuflichen T\u00e4tigkeit im Marketing, sondern er\u00f6ffnet mir [&hellip;]\" \/>\n<meta property=\"og:url\" content=\"https:\/\/www.yogaimhof.de\/?page_id=5108\" \/>\n<meta property=\"og:site_name\" content=\"Yoga im Hof - seit 2005 in Augsburg\" \/>\n<meta property=\"article:publisher\" content=\"https:\/\/www.facebook.com\/profile.php?id=100063689761446\" \/>\n<meta property=\"article:modified_time\" content=\"2024-09-30T13:37:28+00:00\" \/>\n<meta property=\"og:image\" content=\"https:\/\/www.yogaimhof.de\/wp-content\/uploads\/2023\/04\/IMG_6148-1024x768.jpeg\" \/>\n<meta name=\"twitter:card\" content=\"summary_large_image\" \/>\n<meta name=\"twitter:label1\" content=\"Gesch\u00e4tzte Lesezeit\" \/>\n\t<meta name=\"twitter:data1\" content=\"2\u00a0Minuten\" \/>\n<script type=\"application\/ld+json\" class=\"yoast-schema-graph\">{\"@context\":\"https:\\\/\\\/schema.org\",\"@graph\":[{\"@type\":\"WebPage\",\"@id\":\"https:\\\/\\\/www.yogaimhof.de\\\/?page_id=5108\",\"url\":\"https:\\\/\\\/www.yogaimhof.de\\\/?page_id=5108\",\"name\":\"Bio Eva - Yoga im Hof - seit 2005 in Augsburg\",\"isPartOf\":{\"@id\":\"https:\\\/\\\/www.yogaimhof.de\\\/#website\"},\"primaryImageOfPage\":{\"@id\":\"https:\\\/\\\/www.yogaimhof.de\\\/?page_id=5108#primaryimage\"},\"image\":{\"@id\":\"https:\\\/\\\/www.yogaimhof.de\\\/?page_id=5108#primaryimage\"},\"thumbnailUrl\":\"https:\\\/\\\/www.yogaimhof.de\\\/wp-content\\\/uploads\\\/2023\\\/04\\\/IMG_6148-1024x768.jpeg\",\"datePublished\":\"2023-07-10T09:40:56+00:00\",\"dateModified\":\"2024-09-30T13:37:28+00:00\",\"breadcrumb\":{\"@id\":\"https:\\\/\\\/www.yogaimhof.de\\\/?page_id=5108#breadcrumb\"},\"inLanguage\":\"de\",\"potentialAction\":[{\"@type\":\"ReadAction\",\"target\":[\"https:\\\/\\\/www.yogaimhof.de\\\/?page_id=5108\"]}]},{\"@type\":\"ImageObject\",\"inLanguage\":\"de\",\"@id\":\"https:\\\/\\\/www.yogaimhof.de\\\/?page_id=5108#primaryimage\",\"url\":\"https:\\\/\\\/www.yogaimhof.de\\\/wp-content\\\/uploads\\\/2023\\\/04\\\/IMG_6148-1024x768.jpeg\",\"contentUrl\":\"https:\\\/\\\/www.yogaimhof.de\\\/wp-content\\\/uploads\\\/2023\\\/04\\\/IMG_6148-1024x768.jpeg\"},{\"@type\":\"BreadcrumbList\",\"@id\":\"https:\\\/\\\/www.yogaimhof.de\\\/?page_id=5108#breadcrumb\",\"itemListElement\":[{\"@type\":\"ListItem\",\"position\":1,\"name\":\"Startseite\",\"item\":\"https:\\\/\\\/www.yogaimhof.de\\\/\"},{\"@type\":\"ListItem\",\"position\":2,\"name\":\"Bio Eva\"}]},{\"@type\":\"WebSite\",\"@id\":\"https:\\\/\\\/www.yogaimhof.de\\\/#website\",\"url\":\"https:\\\/\\\/www.yogaimhof.de\\\/\",\"name\":\"Yoga im Hof - seit 2005 in Augsburg\",\"description\":\"Zeit f\u00fcr Yoga... Zeit f\u00fcr Dich.\",\"publisher\":{\"@id\":\"https:\\\/\\\/www.yogaimhof.de\\\/#organization\"},\"potentialAction\":[{\"@type\":\"SearchAction\",\"target\":{\"@type\":\"EntryPoint\",\"urlTemplate\":\"https:\\\/\\\/www.yogaimhof.de\\\/?s={search_term_string}\"},\"query-input\":{\"@type\":\"PropertyValueSpecification\",\"valueRequired\":true,\"valueName\":\"search_term_string\"}}],\"inLanguage\":\"de\"},{\"@type\":\"Organization\",\"@id\":\"https:\\\/\\\/www.yogaimhof.de\\\/#organization\",\"name\":\"Yoga im Hof - seit 2005 in Augsburg\",\"url\":\"https:\\\/\\\/www.yogaimhof.de\\\/\",\"logo\":{\"@type\":\"ImageObject\",\"inLanguage\":\"de\",\"@id\":\"https:\\\/\\\/www.yogaimhof.de\\\/#\\\/schema\\\/logo\\\/image\\\/\",\"url\":\"https:\\\/\\\/www.yogaimhof.de\\\/wp-content\\\/uploads\\\/2018\\\/05\\\/Logo-YIH.png\",\"contentUrl\":\"https:\\\/\\\/www.yogaimhof.de\\\/wp-content\\\/uploads\\\/2018\\\/05\\\/Logo-YIH.png\",\"width\":200,\"height\":198,\"caption\":\"Yoga im Hof - seit 2005 in Augsburg\"},\"image\":{\"@id\":\"https:\\\/\\\/www.yogaimhof.de\\\/#\\\/schema\\\/logo\\\/image\\\/\"},\"sameAs\":[\"https:\\\/\\\/www.facebook.com\\\/profile.php?id=100063689761446\"]}]}<\/script>\n<!-- \/ Yoast SEO plugin. -->","yoast_head_json":{"title":"Bio Eva - Yoga im Hof - seit 2005 in Augsburg","robots":{"index":"index","follow":"follow","max-snippet":"max-snippet:-1","max-image-preview":"max-image-preview:large","max-video-preview":"max-video-preview:-1"},"canonical":"https:\/\/www.yogaimhof.de\/?page_id=5108","og_locale":"de_DE","og_type":"article","og_title":"Bio Eva - Yoga im Hof - seit 2005 in Augsburg","og_description":"Nach einigen Jahren eigener Yogapraxis erf\u00fcllte ich mir den Wunsch tiefer in den Yogaweg einzutauchen und begann 2017 meine Ausbildung zur Yogalehrerin bei Yoga im Hof. Nach der Grundausbildung folgten verschiedene Weiterbildungen, Fortbildungen und Workshops unter anderem bei Yoga Vidya. Yoga bietet mir nicht nur Ausgleich zu meiner hauptberuflichen T\u00e4tigkeit im Marketing, sondern er\u00f6ffnet mir [&hellip;]","og_url":"https:\/\/www.yogaimhof.de\/?page_id=5108","og_site_name":"Yoga im Hof - seit 2005 in Augsburg","article_publisher":"https:\/\/www.facebook.com\/profile.php?id=100063689761446","article_modified_time":"2024-09-30T13:37:28+00:00","og_image":[{"url":"https:\/\/www.yogaimhof.de\/wp-content\/uploads\/2023\/04\/IMG_6148-1024x768.jpeg","type":"","width":"","height":""}],"twitter_card":"summary_large_image","twitter_misc":{"Gesch\u00e4tzte Lesezeit":"2\u00a0Minuten"},"schema":{"@context":"https:\/\/schema.org","@graph":[{"@type":"WebPage","@id":"https:\/\/www.yogaimhof.de\/?page_id=5108","url":"https:\/\/www.yogaimhof.de\/?page_id=5108","name":"Bio Eva - Yoga im Hof - seit 2005 in Augsburg","isPartOf":{"@id":"https:\/\/www.yogaimhof.de\/#website"},"primaryImageOfPage":{"@id":"https:\/\/www.yogaimhof.de\/?page_id=5108#primaryimage"},"image":{"@id":"https:\/\/www.yogaimhof.de\/?page_id=5108#primaryimage"},"thumbnailUrl":"https:\/\/www.yogaimhof.de\/wp-content\/uploads\/2023\/04\/IMG_6148-1024x768.jpeg","datePublished":"2023-07-10T09:40:56+00:00","dateModified":"2024-09-30T13:37:28+00:00","breadcrumb":{"@id":"https:\/\/www.yogaimhof.de\/?page_id=5108#breadcrumb"},"inLanguage":"de","potentialAction":[{"@type":"ReadAction","target":["https:\/\/www.yogaimhof.de\/?page_id=5108"]}]},{"@type":"ImageObject","inLanguage":"de","@id":"https:\/\/www.yogaimhof.de\/?page_id=5108#primaryimage","url":"https:\/\/www.yogaimhof.de\/wp-content\/uploads\/2023\/04\/IMG_6148-1024x768.jpeg","contentUrl":"https:\/\/www.yogaimhof.de\/wp-content\/uploads\/2023\/04\/IMG_6148-1024x768.jpeg"},{"@type":"BreadcrumbList","@id":"https:\/\/www.yogaimhof.de\/?page_id=5108#breadcrumb","itemListElement":[{"@type":"ListItem","position":1,"name":"Startseite","item":"https:\/\/www.yogaimhof.de\/"},{"@type":"ListItem","position":2,"name":"Bio Eva"}]},{"@type":"WebSite","@id":"https:\/\/www.yogaimhof.de\/#website","url":"https:\/\/www.yogaimhof.de\/","name":"Yoga im Hof - seit 2005 in Augsburg","description":"Zeit f\u00fcr Yoga... Zeit f\u00fcr Dich.","publisher":{"@id":"https:\/\/www.yogaimhof.de\/#organization"},"potentialAction":[{"@type":"SearchAction","target":{"@type":"EntryPoint","urlTemplate":"https:\/\/www.yogaimhof.de\/?s={search_term_string}"},"query-input":{"@type":"PropertyValueSpecification","valueRequired":true,"valueName":"search_term_string"}}],"inLanguage":"de"},{"@type":"Organization","@id":"https:\/\/www.yogaimhof.de\/#organization","name":"Yoga im Hof - seit 2005 in Augsburg","url":"https:\/\/www.yogaimhof.de\/","logo":{"@type":"ImageObject","inLanguage":"de","@id":"https:\/\/www.yogaimhof.de\/#\/schema\/logo\/image\/","url":"https:\/\/www.yogaimhof.de\/wp-content\/uploads\/2018\/05\/Logo-YIH.png","contentUrl":"https:\/\/www.yogaimhof.de\/wp-content\/uploads\/2018\/05\/Logo-YIH.png","width":200,"height":198,"caption":"Yoga im Hof - seit 2005 in Augsburg"},"image":{"@id":"https:\/\/www.yogaimhof.de\/#\/schema\/logo\/image\/"},"sameAs":["https:\/\/www.facebook.com\/profile.php?id=100063689761446"]}]}},"_links":{"self":[{"href":"https:\/\/www.yogaimhof.de\/index.php?rest_route=\/wp\/v2\/pages\/5108","targetHints":{"allow":["GET"]}}],"collection":[{"href":"https:\/\/www.yogaimhof.de\/index.php?rest_route=\/wp\/v2\/pages"}],"about":[{"href":"https:\/\/www.yogaimhof.de\/index.php?rest_route=\/wp\/v2\/types\/page"}],"author":[{"embeddable":true,"href":"https:\/\/www.yogaimhof.de\/index.php?rest_route=\/wp\/v2\/users\/1"}],"replies":[{"embeddable":true,"href":"https:\/\/www.yogaimhof.de\/index.php?rest_route=%2Fwp%2Fv2%2Fcomments&post=5108"}],"version-history":[{"count":4,"href":"https:\/\/www.yogaimhof.de\/index.php?rest_route=\/wp\/v2\/pages\/5108\/revisions"}],"predecessor-version":[{"id":6420,"href":"https:\/\/www.yogaimhof.de\/index.php?rest_route=\/wp\/v2\/pages\/5108\/revisions\/6420"}],"wp:attachment":[{"href":"https:\/\/www.yogaimhof.de\/index.php?rest_route=%2Fwp%2Fv2%2Fmedia&parent=5108"}],"curies":[{"name":"wp","href":"https:\/\/api.w.org\/{rel}","templated":true}]}}

<p>Nach einigen Jahren eigener Yogapraxis erfüllte ich mir den Wunsch tiefer in den Yogaweg einzutauchen und begann 2017 meine Ausbildung zur Yogalehrerin bei Yoga im Hof. Nach der Grundausbildung folgten verschiedene Weiterbildungen, Fortbildungen und Workshops unter anderem bei Yoga Vidya. Yoga bietet mir nicht nur Ausgleich zu meiner hauptberuflichen Tätigkeit im Marketing, sondern eröffnet mir die Perspektive des SEINs als Basis, auf der sich das TUN der Lebensreise entwickelt. Für mich gibt es keinen Bereich des Lebens, den Yoga nicht berühren würde.</p>



<p>In meine Stunden kommt es mir insbesondere darauf an den Weg feizumachen für das,  was wir Präsenz oder Gegenwärtigkeit nennen. Achtsamkeit ist der Weg dorthin: Bewusst mitzubekommen, was im Normalfall an unbewussten Prozessen im Körper, Geist, oder auf emotionaler Ebene abläuft. Dieses Erkennen führt zu einer Präsnenz aus der heraus sich das Leben auf viel intensivere und freudvollere Weise entfalten kann. Was folgt ist das Begreifen des eigenenen Selbst als wahrnehmende Instanz, die so unvertrickter und offener und damit auch günstiger auf die inneren und sogenannten äußeren Faktoren und Geschehnisse reagiert. Diesen Fokus setze ich bei all meinen Stunden, die von achtsam langsam bis hin zu energetisierenden Flows die Vielfältigkeit des integralen Yoga abzubilden suchen. Mehr zu mir findest du auf meiner Hompage: <a href="http://www.yogisch.com/">www.yogisch.com</a>. </p>



<p><p class="Text" style="margin: 0cm; font-size: 11pt; font-family: &quot;Helvetica Neue&quot;; border: medium; white-space: normal;"><span style="font-size: 12pt; font-family: Arial, sans-serif;"><o:p> </o:p></span></p></p>



<figure class="wp-block-image size-large"><img loading="lazy" decoding="async" width="1024" height="768" src="https://www.yogaimhof.de/wp-content/uploads/2023/04/IMG_6148-1024x768.jpeg" alt="" class="wp-image-5085" srcset="https://www.yogaimhof.de/wp-content/uploads/2023/04/IMG_6148-1024x768.jpeg 1024w, https://www.yogaimhof.de/wp-content/uploads/2023/04/IMG_6148-300x225.jpeg 300w, https://www.yogaimhof.de/wp-content/uploads/2023/04/IMG_6148-768x576.jpeg 768w, https://www.yogaimhof.de/wp-content/uploads/2023/04/IMG_6148-1536x1152.jpeg 1536w, https://www.yogaimhof.de/wp-content/uploads/2023/04/IMG_6148-2048x1536.jpeg 2048w" sizes="auto, (max-width: 1024px) 100vw, 1024px" /></figure>

<p>Nach einigen Jahren eigener Yogapraxis erfüllte ich mir den Wunsch tiefer in den Yogaweg einzutauchen und begann 2017 meine Ausbildung zur Yogalehrerin bei Yoga im Hof. Nach der Grundausbildung folgten verschiedene Weiterbildungen, Fortbildungen und Workshops unter anderem bei Yoga Vidya. Yoga bietet mir nicht nur Ausgleich zu meiner hauptberuflichen Tätigkeit im Marketing, sondern eröffnet mir [&hellip;]</p>

<!-- This site is optimized with the Yoast SEO plugin v27.5 - https://yoast.com/product/yoast-seo-wordpress/ -->
<title>Bio Eva - Yoga im Hof - seit 2005 in Augsburg</title>
<meta name="robots" content="index, follow, max-snippet:-1, max-image-preview:large, max-video-preview:-1" />
<link rel="canonical" href="https://www.yogaimhof.de/?page_id=5108" />
<meta property="og:locale" content="de_DE" />
<meta property="og:type" content="article" />
<meta property="og:title" content="Bio Eva - Yoga im Hof - seit 2005 in Augsburg" />
<meta property="og:description" content="Nach einigen Jahren eigener Yogapraxis erfüllte ich mir den Wunsch tiefer in den Yogaweg einzutauchen und begann 2017 meine Ausbildung zur Yogalehrerin bei Yoga im Hof. Nach der Grundausbildung folgten verschiedene Weiterbildungen, Fortbildungen und Workshops unter anderem bei Yoga Vidya. Yoga bietet mir nicht nur Ausgleich zu meiner hauptberuflichen Tätigkeit im Marketing, sondern eröffnet mir [&hellip;]" />
<meta property="og:url" content="https://www.yogaimhof.de/?page_id=5108" />
<meta property="og:site_name" content="Yoga im Hof - seit 2005 in Augsburg" />
<meta property="article:publisher" content="https://www.facebook.com/profile.php?id=100063689761446" />
<meta property="article:modified_time" content="2024-09-30T13:37:28+00:00" />
<meta property="og:image" content="https://www.yogaimhof.de/wp-content/uploads/2023/04/IMG_6148-1024x768.jpeg" />
<meta name="twitter:card" content="summary_large_image" />
<meta name="twitter:label1" content="Geschätzte Lesezeit" />
	<meta name="twitter:data1" content="2 Minuten" />
<script type="application/ld+json" class="yoast-schema-graph">{"@context":"https:\/\/schema.org","@graph":[{"@type":"WebPage","@id":"https:\/\/www.yogaimhof.de\/?page_id=5108","url":"https:\/\/www.yogaimhof.de\/?page_id=5108","name":"Bio Eva - Yoga im Hof - seit 2005 in Augsburg","isPartOf":{"@id":"https:\/\/www.yogaimhof.de\/#website"},"primaryImageOfPage":{"@id":"https:\/\/www.yogaimhof.de\/?page_id=5108#primaryimage"},"image":{"@id":"https:\/\/www.yogaimhof.de\/?page_id=5108#primaryimage"},"thumbnailUrl":"https:\/\/www.yogaimhof.de\/wp-content\/uploads\/2023\/04\/IMG_6148-1024x768.jpeg","datePublished":"2023-07-10T09:40:56+00:00","dateModified":"2024-09-30T13:37:28+00:00","breadcrumb":{"@id":"https:\/\/www.yogaimhof.de\/?page_id=5108#breadcrumb"},"inLanguage":"de","potentialAction":[{"@type":"ReadAction","target":["https:\/\/www.yogaimhof.de\/?page_id=5108"]}]},{"@type":"ImageObject","inLanguage":"de","@id":"https:\/\/www.yogaimhof.de\/?page_id=5108#primaryimage","url":"https:\/\/www.yogaimhof.de\/wp-content\/uploads\/2023\/04\/IMG_6148-1024x768.jpeg","contentUrl":"https:\/\/www.yogaimhof.de\/wp-content\/uploads\/2023\/04\/IMG_6148-1024x768.jpeg"},{"@type":"BreadcrumbList","@id":"https:\/\/www.yogaimhof.de\/?page_id=5108#breadcrumb","itemListElement":[{"@type":"ListItem","position":1,"name":"Startseite","item":"https:\/\/www.yogaimhof.de\/"},{"@type":"ListItem","position":2,"name":"Bio Eva"}]},{"@type":"WebSite","@id":"https:\/\/www.yogaimhof.de\/#website","url":"https:\/\/www.yogaimhof.de\/","name":"Yoga im Hof - seit 2005 in Augsburg","description":"Zeit für Yoga... Zeit für Dich.","publisher":{"@id":"https:\/\/www.yogaimhof.de\/#organization"},"potentialAction":[{"@type":"SearchAction","target":{"@type":"EntryPoint","urlTemplate":"https:\/\/www.yogaimhof.de\/?s={search_term_string}"},"query-input":{"@type":"PropertyValueSpecification","valueRequired":true,"valueName":"search_term_string"}}],"inLanguage":"de"},{"@type":"Organization","@id":"https:\/\/www.yogaimhof.de\/#organization","name":"Yoga im Hof - seit 2005 in Augsburg","url":"https:\/\/www.yogaimhof.de\/","logo":{"@type":"ImageObject","inLanguage":"de","@id":"https:\/\/www.yogaimhof.de\/#\/schema\/logo\/image\/","url":"https:\/\/www.yogaimhof.de\/wp-content\/uploads\/2018\/05\/Logo-YIH.png","contentUrl":"https:\/\/www.yogaimhof.de\/wp-content\/uploads\/2018\/05\/Logo-YIH.png","width":200,"height":198,"caption":"Yoga im Hof - seit 2005 in Augsburg"},"image":{"@id":"https:\/\/www.yogaimhof.de\/#\/schema\/logo\/image\/"},"sameAs":["https:\/\/www.facebook.com\/profile.php?id=100063689761446"]}]}</script>
<!-- / Yoast SEO plugin. -->

Nach einigen Jahren eigener Yogapraxis erfüllte ich mir den Wunsch tiefer in den Yogaweg einzutauchen und begann 2017 meine Ausbildung zur Yogalehrerin bei Yoga im Hof. Nach der Grundausbildung folgten verschiedene Weiterbildungen, Fortbildungen und Workshops unter anderem bei Yoga Vidya. Yoga bietet mir nicht nur Ausgleich zu meiner hauptberuflichen Tätigkeit im Marketing, sondern eröffnet mir [&hellip;]

Zeit für Yoga... Zeit für Dich.
