{"id":4885,"date":"2023-03-07T21:48:28","date_gmt":"2023-03-07T20:48:28","guid":{"rendered":"https:\/\/www.yogaimhof.de\/?page_id=4885"},"modified":"2025-07-13T14:13:15","modified_gmt":"2025-07-13T13:13:15","slug":"yoga-ueber-zoom","status":"publish","type":"page","link":"https:\/\/www.yogaimhof.de\/?page_id=4885","title":{"rendered":"Yoga \u00fcber Zoom"},"content":{"rendered":"\n<figure class=\"wp-block-image size-full\"><img loading=\"lazy\" decoding=\"async\" width=\"718\" height=\"615\" src=\"https:\/\/www.yogaimhof.de\/wp-content\/uploads\/2020\/11\/Bildschirmfoto-2020-11-15-um-15.32.13.png\" alt=\"\" class=\"wp-image-3126\" srcset=\"https:\/\/www.yogaimhof.de\/wp-content\/uploads\/2020\/11\/Bildschirmfoto-2020-11-15-um-15.32.13.png 718w, https:\/\/www.yogaimhof.de\/wp-content\/uploads\/2020\/11\/Bildschirmfoto-2020-11-15-um-15.32.13-300x257.png 300w\" sizes=\"auto, (max-width: 718px) 100vw, 718px\" \/><\/figure>\n\n\n\n<p>Wir bieten unsere Yogastunden auch online \u00fcber Zoom an.<\/p>\n\n\n\n<div class=\"wp-block-buttons is-layout-flex wp-block-buttons-is-layout-flex\">\n<div class=\"wp-block-button aligncenter\"><a class=\"wp-block-button__link has-tertiary-color has-luminous-vivid-amber-to-luminous-vivid-orange-gradient-background has-text-color has-background wp-element-button\" href=\"https:\/\/zoom.us\/j\/96465105376#success\" style=\"border-radius:17px\">Bitte fordere den Zugangslink per mail bei uns an unter: info@yogaimhof<\/a><\/div>\n<\/div>\n\n\n\n<p>So einfach geht&#8217;s: Auf den zugemailten Link klicken und den Zugriff auf Audio und Video zulassen. Bitte loggt euch mit eurem echten Namen ein, das erleichtert die Buchhaltung f\u00fcr uns.<\/p>\n\n\n\n<p>Kosten f\u00fcr virtuelles Yoga: Yogastunden werden von deiner Punktekarte abgebucht. Wenn du eine Karte kaufen magst oder an einer einzelnen Stunde teilnehmen m\u00f6chtest, den entsprechenden Betrag einfach \u00fcberweisen. Die Preise findest du <a href=\"https:\/\/www.yogaimhof.de\/?page_id=959\">HIER<\/a>.<\/p>\n\n\n\n<p>Bankverbindung: YogaimHof | IBAN: DE70 7315 0000 0000 4395 88 | Sparkasse Schwaben-Bodensee | Betreff: euren Namen und ggf. das Datum der einzelnen Stunde.<\/p>\n\n\n\n<p>Wenn du mit deiner Karte regelm\u00e4\u00dfig teilnimmst, k\u00f6nnen wir dir das best\u00e4tigen und du kannst eventuell von deiner Krankenkasse einen Zuschuss bekommen.<\/p>\n\n\n\n<p>Wir m\u00f6chten uns weiterhin solidarisch mit denjenigen zeigen, die aufgrund der aktuellen Situation wenig Einkommen und daher Probleme haben, sich Yogastunden leisten zu k\u00f6nnen. Schreibe uns via info@yogaimhof.de oder sprich uns nach einer Stunde an und wir finden eine L\u00f6sung.<\/p>\n","protected":false},"excerpt":{"rendered":"<p>Wir bieten unsere Yogastunden auch online \u00fcber Zoom an. So einfach geht&#8217;s: Auf den zugemailten Link klicken und den Zugriff auf Audio und Video zulassen. Bitte loggt euch mit eurem echten Namen ein, das erleichtert die Buchhaltung f\u00fcr uns. Kosten f\u00fcr virtuelles Yoga: Yogastunden werden von deiner Punktekarte abgebucht. Wenn du eine Karte kaufen magst [&hellip;]<\/p>\n","protected":false},"author":1,"featured_media":0,"parent":0,"menu_order":0,"comment_status":"closed","ping_status":"closed","template":"","meta":{"footnotes":""},"class_list":["post-4885","page","type-page","status-publish","hentry"],"yoast_head":"<!-- This site is optimized with the Yoast SEO plugin v27.5 - https:\/\/yoast.com\/product\/yoast-seo-wordpress\/ -->\n<title>Yoga \u00fcber Zoom - Yoga im Hof - seit 2005 in Augsburg<\/title>\n<meta name=\"robots\" content=\"index, follow, max-snippet:-1, max-image-preview:large, max-video-preview:-1\" \/>\n<link rel=\"canonical\" href=\"https:\/\/www.yogaimhof.de\/?page_id=4885\" \/>\n<meta property=\"og:locale\" content=\"de_DE\" \/>\n<meta property=\"og:type\" content=\"article\" \/>\n<meta property=\"og:title\" content=\"Yoga \u00fcber Zoom - Yoga im Hof - seit 2005 in Augsburg\" \/>\n<meta property=\"og:description\" content=\"Wir bieten unsere Yogastunden auch online \u00fcber Zoom an. So einfach geht&#8217;s: Auf den zugemailten Link klicken und den Zugriff auf Audio und Video zulassen. Bitte loggt euch mit eurem echten Namen ein, das erleichtert die Buchhaltung f\u00fcr uns. Kosten f\u00fcr virtuelles Yoga: Yogastunden werden von deiner Punktekarte abgebucht. Wenn du eine Karte kaufen magst [&hellip;]\" \/>\n<meta property=\"og:url\" content=\"https:\/\/www.yogaimhof.de\/?page_id=4885\" \/>\n<meta property=\"og:site_name\" content=\"Yoga im Hof - seit 2005 in Augsburg\" \/>\n<meta property=\"article:publisher\" content=\"https:\/\/www.facebook.com\/profile.php?id=100063689761446\" \/>\n<meta property=\"article:modified_time\" content=\"2025-07-13T13:13:15+00:00\" \/>\n<meta property=\"og:image\" content=\"https:\/\/www.yogaimhof.de\/wp-content\/uploads\/2020\/11\/Bildschirmfoto-2020-11-15-um-15.32.13.png\" \/>\n\t<meta property=\"og:image:width\" content=\"718\" \/>\n\t<meta property=\"og:image:height\" content=\"615\" \/>\n\t<meta property=\"og:image:type\" content=\"image\/png\" \/>\n<meta name=\"twitter:card\" content=\"summary_large_image\" \/>\n<meta name=\"twitter:label1\" content=\"Gesch\u00e4tzte Lesezeit\" \/>\n\t<meta name=\"twitter:data1\" content=\"2\u00a0Minuten\" \/>\n<script type=\"application\/ld+json\" class=\"yoast-schema-graph\">{\"@context\":\"https:\\\/\\\/schema.org\",\"@graph\":[{\"@type\":\"WebPage\",\"@id\":\"https:\\\/\\\/www.yogaimhof.de\\\/?page_id=4885\",\"url\":\"https:\\\/\\\/www.yogaimhof.de\\\/?page_id=4885\",\"name\":\"Yoga \u00fcber Zoom - Yoga im Hof - seit 2005 in Augsburg\",\"isPartOf\":{\"@id\":\"https:\\\/\\\/www.yogaimhof.de\\\/#website\"},\"primaryImageOfPage\":{\"@id\":\"https:\\\/\\\/www.yogaimhof.de\\\/?page_id=4885#primaryimage\"},\"image\":{\"@id\":\"https:\\\/\\\/www.yogaimhof.de\\\/?page_id=4885#primaryimage\"},\"thumbnailUrl\":\"https:\\\/\\\/www.yogaimhof.de\\\/wp-content\\\/uploads\\\/2020\\\/11\\\/Bildschirmfoto-2020-11-15-um-15.32.13.png\",\"datePublished\":\"2023-03-07T20:48:28+00:00\",\"dateModified\":\"2025-07-13T13:13:15+00:00\",\"breadcrumb\":{\"@id\":\"https:\\\/\\\/www.yogaimhof.de\\\/?page_id=4885#breadcrumb\"},\"inLanguage\":\"de\",\"potentialAction\":[{\"@type\":\"ReadAction\",\"target\":[\"https:\\\/\\\/www.yogaimhof.de\\\/?page_id=4885\"]}]},{\"@type\":\"ImageObject\",\"inLanguage\":\"de\",\"@id\":\"https:\\\/\\\/www.yogaimhof.de\\\/?page_id=4885#primaryimage\",\"url\":\"https:\\\/\\\/www.yogaimhof.de\\\/wp-content\\\/uploads\\\/2020\\\/11\\\/Bildschirmfoto-2020-11-15-um-15.32.13.png\",\"contentUrl\":\"https:\\\/\\\/www.yogaimhof.de\\\/wp-content\\\/uploads\\\/2020\\\/11\\\/Bildschirmfoto-2020-11-15-um-15.32.13.png\",\"width\":718,\"height\":615},{\"@type\":\"BreadcrumbList\",\"@id\":\"https:\\\/\\\/www.yogaimhof.de\\\/?page_id=4885#breadcrumb\",\"itemListElement\":[{\"@type\":\"ListItem\",\"position\":1,\"name\":\"Startseite\",\"item\":\"https:\\\/\\\/www.yogaimhof.de\\\/\"},{\"@type\":\"ListItem\",\"position\":2,\"name\":\"Yoga \u00fcber Zoom\"}]},{\"@type\":\"WebSite\",\"@id\":\"https:\\\/\\\/www.yogaimhof.de\\\/#website\",\"url\":\"https:\\\/\\\/www.yogaimhof.de\\\/\",\"name\":\"Yoga im Hof - seit 2005 in Augsburg\",\"description\":\"Zeit f\u00fcr Yoga... Zeit f\u00fcr Dich.\",\"publisher\":{\"@id\":\"https:\\\/\\\/www.yogaimhof.de\\\/#organization\"},\"potentialAction\":[{\"@type\":\"SearchAction\",\"target\":{\"@type\":\"EntryPoint\",\"urlTemplate\":\"https:\\\/\\\/www.yogaimhof.de\\\/?s={search_term_string}\"},\"query-input\":{\"@type\":\"PropertyValueSpecification\",\"valueRequired\":true,\"valueName\":\"search_term_string\"}}],\"inLanguage\":\"de\"},{\"@type\":\"Organization\",\"@id\":\"https:\\\/\\\/www.yogaimhof.de\\\/#organization\",\"name\":\"Yoga im Hof - seit 2005 in Augsburg\",\"url\":\"https:\\\/\\\/www.yogaimhof.de\\\/\",\"logo\":{\"@type\":\"ImageObject\",\"inLanguage\":\"de\",\"@id\":\"https:\\\/\\\/www.yogaimhof.de\\\/#\\\/schema\\\/logo\\\/image\\\/\",\"url\":\"https:\\\/\\\/www.yogaimhof.de\\\/wp-content\\\/uploads\\\/2018\\\/05\\\/Logo-YIH.png\",\"contentUrl\":\"https:\\\/\\\/www.yogaimhof.de\\\/wp-content\\\/uploads\\\/2018\\\/05\\\/Logo-YIH.png\",\"width\":200,\"height\":198,\"caption\":\"Yoga im Hof - seit 2005 in Augsburg\"},\"image\":{\"@id\":\"https:\\\/\\\/www.yogaimhof.de\\\/#\\\/schema\\\/logo\\\/image\\\/\"},\"sameAs\":[\"https:\\\/\\\/www.facebook.com\\\/profile.php?id=100063689761446\"]}]}<\/script>\n<!-- \/ Yoast SEO plugin. -->","yoast_head_json":{"title":"Yoga \u00fcber Zoom - Yoga im Hof - seit 2005 in Augsburg","robots":{"index":"index","follow":"follow","max-snippet":"max-snippet:-1","max-image-preview":"max-image-preview:large","max-video-preview":"max-video-preview:-1"},"canonical":"https:\/\/www.yogaimhof.de\/?page_id=4885","og_locale":"de_DE","og_type":"article","og_title":"Yoga \u00fcber Zoom - Yoga im Hof - seit 2005 in Augsburg","og_description":"Wir bieten unsere Yogastunden auch online \u00fcber Zoom an. So einfach geht&#8217;s: Auf den zugemailten Link klicken und den Zugriff auf Audio und Video zulassen. Bitte loggt euch mit eurem echten Namen ein, das erleichtert die Buchhaltung f\u00fcr uns. Kosten f\u00fcr virtuelles Yoga: Yogastunden werden von deiner Punktekarte abgebucht. Wenn du eine Karte kaufen magst [&hellip;]","og_url":"https:\/\/www.yogaimhof.de\/?page_id=4885","og_site_name":"Yoga im Hof - seit 2005 in Augsburg","article_publisher":"https:\/\/www.facebook.com\/profile.php?id=100063689761446","article_modified_time":"2025-07-13T13:13:15+00:00","og_image":[{"width":718,"height":615,"url":"https:\/\/www.yogaimhof.de\/wp-content\/uploads\/2020\/11\/Bildschirmfoto-2020-11-15-um-15.32.13.png","type":"image\/png"}],"twitter_card":"summary_large_image","twitter_misc":{"Gesch\u00e4tzte Lesezeit":"2\u00a0Minuten"},"schema":{"@context":"https:\/\/schema.org","@graph":[{"@type":"WebPage","@id":"https:\/\/www.yogaimhof.de\/?page_id=4885","url":"https:\/\/www.yogaimhof.de\/?page_id=4885","name":"Yoga \u00fcber Zoom - Yoga im Hof - seit 2005 in Augsburg","isPartOf":{"@id":"https:\/\/www.yogaimhof.de\/#website"},"primaryImageOfPage":{"@id":"https:\/\/www.yogaimhof.de\/?page_id=4885#primaryimage"},"image":{"@id":"https:\/\/www.yogaimhof.de\/?page_id=4885#primaryimage"},"thumbnailUrl":"https:\/\/www.yogaimhof.de\/wp-content\/uploads\/2020\/11\/Bildschirmfoto-2020-11-15-um-15.32.13.png","datePublished":"2023-03-07T20:48:28+00:00","dateModified":"2025-07-13T13:13:15+00:00","breadcrumb":{"@id":"https:\/\/www.yogaimhof.de\/?page_id=4885#breadcrumb"},"inLanguage":"de","potentialAction":[{"@type":"ReadAction","target":["https:\/\/www.yogaimhof.de\/?page_id=4885"]}]},{"@type":"ImageObject","inLanguage":"de","@id":"https:\/\/www.yogaimhof.de\/?page_id=4885#primaryimage","url":"https:\/\/www.yogaimhof.de\/wp-content\/uploads\/2020\/11\/Bildschirmfoto-2020-11-15-um-15.32.13.png","contentUrl":"https:\/\/www.yogaimhof.de\/wp-content\/uploads\/2020\/11\/Bildschirmfoto-2020-11-15-um-15.32.13.png","width":718,"height":615},{"@type":"BreadcrumbList","@id":"https:\/\/www.yogaimhof.de\/?page_id=4885#breadcrumb","itemListElement":[{"@type":"ListItem","position":1,"name":"Startseite","item":"https:\/\/www.yogaimhof.de\/"},{"@type":"ListItem","position":2,"name":"Yoga \u00fcber Zoom"}]},{"@type":"WebSite","@id":"https:\/\/www.yogaimhof.de\/#website","url":"https:\/\/www.yogaimhof.de\/","name":"Yoga im Hof - seit 2005 in Augsburg","description":"Zeit f\u00fcr Yoga... Zeit f\u00fcr Dich.","publisher":{"@id":"https:\/\/www.yogaimhof.de\/#organization"},"potentialAction":[{"@type":"SearchAction","target":{"@type":"EntryPoint","urlTemplate":"https:\/\/www.yogaimhof.de\/?s={search_term_string}"},"query-input":{"@type":"PropertyValueSpecification","valueRequired":true,"valueName":"search_term_string"}}],"inLanguage":"de"},{"@type":"Organization","@id":"https:\/\/www.yogaimhof.de\/#organization","name":"Yoga im Hof - seit 2005 in Augsburg","url":"https:\/\/www.yogaimhof.de\/","logo":{"@type":"ImageObject","inLanguage":"de","@id":"https:\/\/www.yogaimhof.de\/#\/schema\/logo\/image\/","url":"https:\/\/www.yogaimhof.de\/wp-content\/uploads\/2018\/05\/Logo-YIH.png","contentUrl":"https:\/\/www.yogaimhof.de\/wp-content\/uploads\/2018\/05\/Logo-YIH.png","width":200,"height":198,"caption":"Yoga im Hof - seit 2005 in Augsburg"},"image":{"@id":"https:\/\/www.yogaimhof.de\/#\/schema\/logo\/image\/"},"sameAs":["https:\/\/www.facebook.com\/profile.php?id=100063689761446"]}]}},"_links":{"self":[{"href":"https:\/\/www.yogaimhof.de\/index.php?rest_route=\/wp\/v2\/pages\/4885","targetHints":{"allow":["GET"]}}],"collection":[{"href":"https:\/\/www.yogaimhof.de\/index.php?rest_route=\/wp\/v2\/pages"}],"about":[{"href":"https:\/\/www.yogaimhof.de\/index.php?rest_route=\/wp\/v2\/types\/page"}],"author":[{"embeddable":true,"href":"https:\/\/www.yogaimhof.de\/index.php?rest_route=\/wp\/v2\/users\/1"}],"replies":[{"embeddable":true,"href":"https:\/\/www.yogaimhof.de\/index.php?rest_route=%2Fwp%2Fv2%2Fcomments&post=4885"}],"version-history":[{"count":11,"href":"https:\/\/www.yogaimhof.de\/index.php?rest_route=\/wp\/v2\/pages\/4885\/revisions"}],"predecessor-version":[{"id":7255,"href":"https:\/\/www.yogaimhof.de\/index.php?rest_route=\/wp\/v2\/pages\/4885\/revisions\/7255"}],"wp:attachment":[{"href":"https:\/\/www.yogaimhof.de\/index.php?rest_route=%2Fwp%2Fv2%2Fmedia&parent=4885"}],"curies":[{"name":"wp","href":"https:\/\/api.w.org\/{rel}","templated":true}]}}