{"id":4719,"date":"2023-02-20T19:53:48","date_gmt":"2023-02-20T18:53:48","guid":{"rendered":"https:\/\/www.yogaimhof.de\/?page_id=4719"},"modified":"2023-02-22T20:26:54","modified_gmt":"2023-02-22T19:26:54","slug":"was-ist-uns-wichtig","status":"publish","type":"page","link":"https:\/\/www.yogaimhof.de\/?page_id=4719","title":{"rendered":"Unsere Philosophie"},"content":{"rendered":"\n<figure class=\"wp-block-image size-full\"><img loading=\"lazy\" decoding=\"async\" width=\"890\" height=\"593\" src=\"https:\/\/www.yogaimhof.de\/wp-content\/uploads\/2014\/02\/Yogaimhof_06.jpg\" alt=\"\" class=\"wp-image-4063\" srcset=\"https:\/\/www.yogaimhof.de\/wp-content\/uploads\/2014\/02\/Yogaimhof_06.jpg 890w, https:\/\/www.yogaimhof.de\/wp-content\/uploads\/2014\/02\/Yogaimhof_06-300x200.jpg 300w, https:\/\/www.yogaimhof.de\/wp-content\/uploads\/2014\/02\/Yogaimhof_06-768x512.jpg 768w\" sizes=\"auto, (max-width: 890px) 100vw, 890px\" \/><\/figure>\n\n\n\n<p>Seit unserer Gr\u00fcndung 2005 hat sich viel getan. Yoga hat allgemein an Popularit\u00e4t zugewonnen und die Wirkungsweise diverser Techniken des Yoga sind zunehmend ins Blickfeld wissenschaftlicher Forschung ger\u00fcckt.<\/p>\n\n\n\n<p>Ausgehend von unserer Ausbildungsbasis Sivananda-Yoga und dem Stil von Yoga Vidya, haben wir aus umfassendem Interesse an dem weiten Feld von Yoga unseren Unterrichtsstil stetig weiterentwickelt.<\/p>\n\n\n\n<p>Das Fundament unserer Praxis bilden <strong>Achtsamkeits- und Konzentrations\u00fcbungen<\/strong> in Form von <strong>Beobachtung des Atems, des K\u00f6rpers in Ruhe und in Bewegung<\/strong>, der Gedanken und Emotionen. Wir nutzen Elemente aus unterschiedlichen <strong>Hatha-Yoga-Stile<\/strong>n inklusive verschiedener Atemtechniken und entwickeln aber auch aus unserer eigenen \u00dcbungserfahrung <strong>kreative Unterrichtskomponenten<\/strong>.<\/p>\n\n\n\n<p>Wir arbeiten mit Techniken der Geistesschulung aus dem Raja-Yoga, wozu wesentlich die Meditation geh\u00f6rt.<\/p>\n\n\n\n<p>Philosophisch lassen wir uns inspirieren von den alten Yogatexten bis hin zu den Ideen moderner Denker.<\/p>\n\n\n\n<p>Dabei scheuen wir uns nicht, die Yogatradition kritisch zu hinterfragen und sie an heutigen Erkenntnissen der Wissenschaft und Medizin zu messen.<\/p>\n\n\n\n<p>Unser Hauptanliegen ist es jeder\/jedem Kursteilnehmer:in zu <strong>erm\u00f6glichen sich selbst besser kennen zu lernen<\/strong> &#8211; sowohl auf der k\u00f6rperlichen, wie auch auf der psychisch\/geistigen Ebene.<\/p>\n\n\n\n<p>Unsere Yogastunden folgen einem strukturierten Aufbau: Anfangsentspannung, Inspiration\/Motiv, Atem\u00fcbungen, Asanas und Endentspannung. Sie variieren je nach Anforderungslevel, \u00dcbungsschwerpunkt und Lehrerpers\u00f6nlichkeit.<\/p>\n\n\n\n<p><strong>Komm vorbei und probier es aus!<\/strong><\/p>\n\n\n\n<p>G\u00f6nne dir, dich vom Alltag zu l\u00f6sen, \u00fcbe zu entspannen, dich zu konzentrieren. Lerne dich auf der k\u00f6rperlichen, geistigen und emotionalen Ebene besser kennen. Kr\u00e4ftige dich, werde geschmeidiger und ges\u00fcnder.<\/p>\n\n\n\n<p>Lerne Stress zu erkennen und mit ihm umzugehen, lerne zur Ruhe zu kommen.<\/p>\n\n\n\n<p>Das \u00dcben von Yoga bietet eine Chance f\u00fcr pers\u00f6nliche Entwicklung, hin zu einer positiven Beziehung zu dir und anderen und verspricht mehr Zufriedenheit, Gelassenheit, Gl\u00fcck, Lebensfreude und Kreativit\u00e4t.<\/p>\n\n\n\n<p><strong>Wir sind eine von den Krankenkassen qualit\u00e4tsgepr\u00fcfte Yogaschule und international zertifiziert durch Yoga Alliance.<\/strong><\/p>\n","protected":false},"excerpt":{"rendered":"<p>Seit unserer Gr\u00fcndung 2005 hat sich viel getan. Yoga hat allgemein an Popularit\u00e4t zugewonnen und die Wirkungsweise diverser Techniken des Yoga sind zunehmend ins Blickfeld wissenschaftlicher Forschung ger\u00fcckt. Ausgehend von unserer Ausbildungsbasis Sivananda-Yoga und dem Stil von Yoga Vidya, haben wir aus umfassendem Interesse an dem weiten Feld von Yoga unseren Unterrichtsstil stetig weiterentwickelt. Das [&hellip;]<\/p>\n","protected":false},"author":1,"featured_media":0,"parent":0,"menu_order":0,"comment_status":"closed","ping_status":"closed","template":"","meta":{"footnotes":""},"class_list":["post-4719","page","type-page","status-publish","hentry"],"yoast_head":"<!-- This site is optimized with the Yoast SEO plugin v27.5 - https:\/\/yoast.com\/product\/yoast-seo-wordpress\/ -->\n<title>Unsere Philosophie - Yoga im Hof - seit 2005 in Augsburg<\/title>\n<meta name=\"description\" content=\"Hier kannst du nachlesen, was uns bei Yoga im Hof wichtig ist, wie wir unterrichten und wie die Stunden aufgebaut sind.\" \/>\n<meta name=\"robots\" content=\"index, follow, max-snippet:-1, max-image-preview:large, max-video-preview:-1\" \/>\n<link rel=\"canonical\" href=\"https:\/\/www.yogaimhof.de\/?page_id=4719\" \/>\n<meta property=\"og:locale\" content=\"de_DE\" \/>\n<meta property=\"og:type\" content=\"article\" \/>\n<meta property=\"og:title\" content=\"Unsere Philosophie - Yoga im Hof - seit 2005 in Augsburg\" \/>\n<meta property=\"og:description\" content=\"Hier kannst du nachlesen, was uns bei Yoga im Hof wichtig ist, wie wir unterrichten und wie die Stunden aufgebaut sind.\" \/>\n<meta property=\"og:url\" content=\"https:\/\/www.yogaimhof.de\/?page_id=4719\" \/>\n<meta property=\"og:site_name\" content=\"Yoga im Hof - seit 2005 in Augsburg\" \/>\n<meta property=\"article:publisher\" content=\"https:\/\/www.facebook.com\/profile.php?id=100063689761446\" \/>\n<meta property=\"article:modified_time\" content=\"2023-02-22T19:26:54+00:00\" \/>\n<meta property=\"og:image\" content=\"https:\/\/www.yogaimhof.de\/wp-content\/uploads\/2014\/02\/Yogaimhof_06.jpg\" \/>\n<meta name=\"twitter:card\" content=\"summary_large_image\" \/>\n<meta name=\"twitter:label1\" content=\"Gesch\u00e4tzte Lesezeit\" \/>\n\t<meta name=\"twitter:data1\" content=\"2\u00a0Minuten\" \/>\n<script type=\"application\/ld+json\" class=\"yoast-schema-graph\">{\"@context\":\"https:\\\/\\\/schema.org\",\"@graph\":[{\"@type\":\"WebPage\",\"@id\":\"https:\\\/\\\/www.yogaimhof.de\\\/?page_id=4719\",\"url\":\"https:\\\/\\\/www.yogaimhof.de\\\/?page_id=4719\",\"name\":\"Unsere Philosophie - Yoga im Hof - seit 2005 in Augsburg\",\"isPartOf\":{\"@id\":\"https:\\\/\\\/www.yogaimhof.de\\\/#website\"},\"primaryImageOfPage\":{\"@id\":\"https:\\\/\\\/www.yogaimhof.de\\\/?page_id=4719#primaryimage\"},\"image\":{\"@id\":\"https:\\\/\\\/www.yogaimhof.de\\\/?page_id=4719#primaryimage\"},\"thumbnailUrl\":\"https:\\\/\\\/www.yogaimhof.de\\\/wp-content\\\/uploads\\\/2014\\\/02\\\/Yogaimhof_06.jpg\",\"datePublished\":\"2023-02-20T18:53:48+00:00\",\"dateModified\":\"2023-02-22T19:26:54+00:00\",\"description\":\"Hier kannst du nachlesen, was uns bei Yoga im Hof wichtig ist, wie wir unterrichten und wie die Stunden aufgebaut sind.\",\"breadcrumb\":{\"@id\":\"https:\\\/\\\/www.yogaimhof.de\\\/?page_id=4719#breadcrumb\"},\"inLanguage\":\"de\",\"potentialAction\":[{\"@type\":\"ReadAction\",\"target\":[\"https:\\\/\\\/www.yogaimhof.de\\\/?page_id=4719\"]}]},{\"@type\":\"ImageObject\",\"inLanguage\":\"de\",\"@id\":\"https:\\\/\\\/www.yogaimhof.de\\\/?page_id=4719#primaryimage\",\"url\":\"https:\\\/\\\/www.yogaimhof.de\\\/wp-content\\\/uploads\\\/2014\\\/02\\\/Yogaimhof_06.jpg\",\"contentUrl\":\"https:\\\/\\\/www.yogaimhof.de\\\/wp-content\\\/uploads\\\/2014\\\/02\\\/Yogaimhof_06.jpg\",\"width\":890,\"height\":593},{\"@type\":\"BreadcrumbList\",\"@id\":\"https:\\\/\\\/www.yogaimhof.de\\\/?page_id=4719#breadcrumb\",\"itemListElement\":[{\"@type\":\"ListItem\",\"position\":1,\"name\":\"Startseite\",\"item\":\"https:\\\/\\\/www.yogaimhof.de\\\/\"},{\"@type\":\"ListItem\",\"position\":2,\"name\":\"Unsere Philosophie\"}]},{\"@type\":\"WebSite\",\"@id\":\"https:\\\/\\\/www.yogaimhof.de\\\/#website\",\"url\":\"https:\\\/\\\/www.yogaimhof.de\\\/\",\"name\":\"Yoga im Hof - seit 2005 in Augsburg\",\"description\":\"Zeit f\u00fcr Yoga... Zeit f\u00fcr Dich.\",\"publisher\":{\"@id\":\"https:\\\/\\\/www.yogaimhof.de\\\/#organization\"},\"potentialAction\":[{\"@type\":\"SearchAction\",\"target\":{\"@type\":\"EntryPoint\",\"urlTemplate\":\"https:\\\/\\\/www.yogaimhof.de\\\/?s={search_term_string}\"},\"query-input\":{\"@type\":\"PropertyValueSpecification\",\"valueRequired\":true,\"valueName\":\"search_term_string\"}}],\"inLanguage\":\"de\"},{\"@type\":\"Organization\",\"@id\":\"https:\\\/\\\/www.yogaimhof.de\\\/#organization\",\"name\":\"Yoga im Hof - seit 2005 in Augsburg\",\"url\":\"https:\\\/\\\/www.yogaimhof.de\\\/\",\"logo\":{\"@type\":\"ImageObject\",\"inLanguage\":\"de\",\"@id\":\"https:\\\/\\\/www.yogaimhof.de\\\/#\\\/schema\\\/logo\\\/image\\\/\",\"url\":\"https:\\\/\\\/www.yogaimhof.de\\\/wp-content\\\/uploads\\\/2018\\\/05\\\/Logo-YIH.png\",\"contentUrl\":\"https:\\\/\\\/www.yogaimhof.de\\\/wp-content\\\/uploads\\\/2018\\\/05\\\/Logo-YIH.png\",\"width\":200,\"height\":198,\"caption\":\"Yoga im Hof - seit 2005 in Augsburg\"},\"image\":{\"@id\":\"https:\\\/\\\/www.yogaimhof.de\\\/#\\\/schema\\\/logo\\\/image\\\/\"},\"sameAs\":[\"https:\\\/\\\/www.facebook.com\\\/profile.php?id=100063689761446\"]}]}<\/script>\n<!-- \/ Yoast SEO plugin. -->","yoast_head_json":{"title":"Unsere Philosophie - Yoga im Hof - seit 2005 in Augsburg","description":"Hier kannst du nachlesen, was uns bei Yoga im Hof wichtig ist, wie wir unterrichten und wie die Stunden aufgebaut sind.","robots":{"index":"index","follow":"follow","max-snippet":"max-snippet:-1","max-image-preview":"max-image-preview:large","max-video-preview":"max-video-preview:-1"},"canonical":"https:\/\/www.yogaimhof.de\/?page_id=4719","og_locale":"de_DE","og_type":"article","og_title":"Unsere Philosophie - Yoga im Hof - seit 2005 in Augsburg","og_description":"Hier kannst du nachlesen, was uns bei Yoga im Hof wichtig ist, wie wir unterrichten und wie die Stunden aufgebaut sind.","og_url":"https:\/\/www.yogaimhof.de\/?page_id=4719","og_site_name":"Yoga im Hof - seit 2005 in Augsburg","article_publisher":"https:\/\/www.facebook.com\/profile.php?id=100063689761446","article_modified_time":"2023-02-22T19:26:54+00:00","og_image":[{"url":"https:\/\/www.yogaimhof.de\/wp-content\/uploads\/2014\/02\/Yogaimhof_06.jpg","type":"","width":"","height":""}],"twitter_card":"summary_large_image","twitter_misc":{"Gesch\u00e4tzte Lesezeit":"2\u00a0Minuten"},"schema":{"@context":"https:\/\/schema.org","@graph":[{"@type":"WebPage","@id":"https:\/\/www.yogaimhof.de\/?page_id=4719","url":"https:\/\/www.yogaimhof.de\/?page_id=4719","name":"Unsere Philosophie - Yoga im Hof - seit 2005 in Augsburg","isPartOf":{"@id":"https:\/\/www.yogaimhof.de\/#website"},"primaryImageOfPage":{"@id":"https:\/\/www.yogaimhof.de\/?page_id=4719#primaryimage"},"image":{"@id":"https:\/\/www.yogaimhof.de\/?page_id=4719#primaryimage"},"thumbnailUrl":"https:\/\/www.yogaimhof.de\/wp-content\/uploads\/2014\/02\/Yogaimhof_06.jpg","datePublished":"2023-02-20T18:53:48+00:00","dateModified":"2023-02-22T19:26:54+00:00","description":"Hier kannst du nachlesen, was uns bei Yoga im Hof wichtig ist, wie wir unterrichten und wie die Stunden aufgebaut sind.","breadcrumb":{"@id":"https:\/\/www.yogaimhof.de\/?page_id=4719#breadcrumb"},"inLanguage":"de","potentialAction":[{"@type":"ReadAction","target":["https:\/\/www.yogaimhof.de\/?page_id=4719"]}]},{"@type":"ImageObject","inLanguage":"de","@id":"https:\/\/www.yogaimhof.de\/?page_id=4719#primaryimage","url":"https:\/\/www.yogaimhof.de\/wp-content\/uploads\/2014\/02\/Yogaimhof_06.jpg","contentUrl":"https:\/\/www.yogaimhof.de\/wp-content\/uploads\/2014\/02\/Yogaimhof_06.jpg","width":890,"height":593},{"@type":"BreadcrumbList","@id":"https:\/\/www.yogaimhof.de\/?page_id=4719#breadcrumb","itemListElement":[{"@type":"ListItem","position":1,"name":"Startseite","item":"https:\/\/www.yogaimhof.de\/"},{"@type":"ListItem","position":2,"name":"Unsere Philosophie"}]},{"@type":"WebSite","@id":"https:\/\/www.yogaimhof.de\/#website","url":"https:\/\/www.yogaimhof.de\/","name":"Yoga im Hof - seit 2005 in Augsburg","description":"Zeit f\u00fcr Yoga... Zeit f\u00fcr Dich.","publisher":{"@id":"https:\/\/www.yogaimhof.de\/#organization"},"potentialAction":[{"@type":"SearchAction","target":{"@type":"EntryPoint","urlTemplate":"https:\/\/www.yogaimhof.de\/?s={search_term_string}"},"query-input":{"@type":"PropertyValueSpecification","valueRequired":true,"valueName":"search_term_string"}}],"inLanguage":"de"},{"@type":"Organization","@id":"https:\/\/www.yogaimhof.de\/#organization","name":"Yoga im Hof - seit 2005 in Augsburg","url":"https:\/\/www.yogaimhof.de\/","logo":{"@type":"ImageObject","inLanguage":"de","@id":"https:\/\/www.yogaimhof.de\/#\/schema\/logo\/image\/","url":"https:\/\/www.yogaimhof.de\/wp-content\/uploads\/2018\/05\/Logo-YIH.png","contentUrl":"https:\/\/www.yogaimhof.de\/wp-content\/uploads\/2018\/05\/Logo-YIH.png","width":200,"height":198,"caption":"Yoga im Hof - seit 2005 in Augsburg"},"image":{"@id":"https:\/\/www.yogaimhof.de\/#\/schema\/logo\/image\/"},"sameAs":["https:\/\/www.facebook.com\/profile.php?id=100063689761446"]}]}},"_links":{"self":[{"href":"https:\/\/www.yogaimhof.de\/index.php?rest_route=\/wp\/v2\/pages\/4719","targetHints":{"allow":["GET"]}}],"collection":[{"href":"https:\/\/www.yogaimhof.de\/index.php?rest_route=\/wp\/v2\/pages"}],"about":[{"href":"https:\/\/www.yogaimhof.de\/index.php?rest_route=\/wp\/v2\/types\/page"}],"author":[{"embeddable":true,"href":"https:\/\/www.yogaimhof.de\/index.php?rest_route=\/wp\/v2\/users\/1"}],"replies":[{"embeddable":true,"href":"https:\/\/www.yogaimhof.de\/index.php?rest_route=%2Fwp%2Fv2%2Fcomments&post=4719"}],"version-history":[{"count":2,"href":"https:\/\/www.yogaimhof.de\/index.php?rest_route=\/wp\/v2\/pages\/4719\/revisions"}],"predecessor-version":[{"id":4771,"href":"https:\/\/www.yogaimhof.de\/index.php?rest_route=\/wp\/v2\/pages\/4719\/revisions\/4771"}],"wp:attachment":[{"href":"https:\/\/www.yogaimhof.de\/index.php?rest_route=%2Fwp%2Fv2%2Fmedia&parent=4719"}],"curies":[{"name":"wp","href":"https:\/\/api.w.org\/{rel}","templated":true}]}}