{"id":4308,"date":"2023-02-19T19:29:53","date_gmt":"2023-02-19T18:29:53","guid":{"rendered":"https:\/\/www.yogaimhof.de\/?page_id=4308"},"modified":"2023-11-02T08:04:25","modified_gmt":"2023-11-02T07:04:25","slug":"raum-mieten-im-bismarckviertel","status":"publish","type":"page","link":"https:\/\/www.yogaimhof.de\/?page_id=4308","title":{"rendered":"Raum mieten im Bismarckviertel"},"content":{"rendered":"\n<figure class=\"wp-block-image size-full\"><img loading=\"lazy\" decoding=\"async\" width=\"890\" height=\"592\" src=\"https:\/\/www.yogaimhof.de\/wp-content\/uploads\/2014\/02\/Yogaimhof_00.jpg\" alt=\"\" class=\"wp-image-1062\" srcset=\"https:\/\/www.yogaimhof.de\/wp-content\/uploads\/2014\/02\/Yogaimhof_00.jpg 890w, https:\/\/www.yogaimhof.de\/wp-content\/uploads\/2014\/02\/Yogaimhof_00-300x200.jpg 300w, https:\/\/www.yogaimhof.de\/wp-content\/uploads\/2014\/02\/Yogaimhof_00-600x400.jpg 600w, https:\/\/www.yogaimhof.de\/wp-content\/uploads\/2014\/02\/Yogaimhof_00-290x193.jpg 290w, https:\/\/www.yogaimhof.de\/wp-content\/uploads\/2014\/02\/Yogaimhof_00-580x386.jpg 580w\" sizes=\"auto, (max-width: 890px) 100vw, 890px\" \/><\/figure>\n\n\n\n<p>Du suchst einen zentral gelegenen Raum um Kurse anzubieten im Bereich Yoga und Bewegung?&nbsp;<\/p>\n\n\n\n<p>Die R\u00e4ume unserer Yogaschule stehen zu den Zeiten, wo wir keinen Unterricht anbieten zur Anmietung zur Verf\u00fcgung, in der Regel unter der Woche bis 17.30 Uhr und zu verschiedenen Zeiten am Wochenende.&nbsp;<\/p>\n\n\n\n<p>Wir vermieten die R\u00e4umlichkeiten nur f\u00fcr regelm\u00e4\u00dfige Kurse\/Angebote, sodass Du einen Kurs zu einer festen Uhrzeit einmal pro Woche anbieten kannst.\u00a0Dieser Kurs erscheint nicht auf unserer Webseite. Mindestanmietdauer: 4 Monate.\u00a0<\/p>\n\n\n\n<p>F\u00fcr deine Teilnehmer\/innen stehen zwei R\u00e4ume (gro\u00df und klein), eine Umkleide, Sanit\u00e4ranlagen, Yogamatten, Meditationskissen und Decken zur Verf\u00fcgung.&nbsp;&nbsp;<\/p>\n\n\n\n<p>Bei Interesse ruf uns an oder schreib eine mail an:<\/p>\n\n\n\n<div class=\"wp-block-group has-global-padding is-layout-constrained wp-block-group-is-layout-constrained\">\n<div class=\"wp-block-group has-global-padding is-layout-constrained wp-block-group-is-layout-constrained\">\n<p>Yoga im Hof, Gabi Theinert, Neidhartstr. 7, 86159 Augsburg, Tel:01590 3716992, <a href=\"mailto:info@yogaimhof.de\">info@yogaimhof.de<\/a><\/p>\n<\/div>\n<\/div>\n","protected":false},"excerpt":{"rendered":"<p>Du suchst einen zentral gelegenen Raum um Kurse anzubieten im Bereich Yoga und Bewegung?&nbsp; Die R\u00e4ume unserer Yogaschule stehen zu den Zeiten, wo wir keinen Unterricht anbieten zur Anmietung zur Verf\u00fcgung, in der Regel unter der Woche bis 17.30 Uhr und zu verschiedenen Zeiten am Wochenende.&nbsp; Wir vermieten die R\u00e4umlichkeiten nur f\u00fcr regelm\u00e4\u00dfige Kurse\/Angebote, sodass [&hellip;]<\/p>\n","protected":false},"author":1,"featured_media":0,"parent":0,"menu_order":0,"comment_status":"closed","ping_status":"closed","template":"","meta":{"footnotes":""},"class_list":["post-4308","page","type-page","status-publish","hentry"],"yoast_head":"<!-- This site is optimized with the Yoast SEO plugin v27.5 - https:\/\/yoast.com\/product\/yoast-seo-wordpress\/ -->\n<title>Raum mieten im Bismarckviertel - Yoga im Hof - seit 2005 in Augsburg<\/title>\n<meta name=\"description\" content=\"Schreibe uns oder ruf an, wenn du einen Raum im Bismarckviertel suchst. Vormittags, nachmittags und am Wochenende habe wir freie Zeitfenster.\" \/>\n<meta name=\"robots\" content=\"index, follow, max-snippet:-1, max-image-preview:large, max-video-preview:-1\" \/>\n<link rel=\"canonical\" href=\"https:\/\/www.yogaimhof.de\/?page_id=4308\" \/>\n<meta property=\"og:locale\" content=\"de_DE\" \/>\n<meta property=\"og:type\" content=\"article\" \/>\n<meta property=\"og:title\" content=\"Raum mieten im Bismarckviertel - Yoga im Hof - seit 2005 in Augsburg\" \/>\n<meta property=\"og:description\" content=\"Schreibe uns oder ruf an, wenn du einen Raum im Bismarckviertel suchst. Vormittags, nachmittags und am Wochenende habe wir freie Zeitfenster.\" \/>\n<meta property=\"og:url\" content=\"https:\/\/www.yogaimhof.de\/?page_id=4308\" \/>\n<meta property=\"og:site_name\" content=\"Yoga im Hof - seit 2005 in Augsburg\" \/>\n<meta property=\"article:publisher\" content=\"https:\/\/www.facebook.com\/profile.php?id=100063689761446\" \/>\n<meta property=\"article:modified_time\" content=\"2023-11-02T07:04:25+00:00\" \/>\n<meta property=\"og:image\" content=\"https:\/\/www.yogaimhof.de\/wp-content\/uploads\/2014\/02\/Yogaimhof_00.jpg\" \/>\n<meta name=\"twitter:card\" content=\"summary_large_image\" \/>\n<meta name=\"twitter:label1\" content=\"Gesch\u00e4tzte Lesezeit\" \/>\n\t<meta name=\"twitter:data1\" content=\"1\u00a0Minute\" \/>\n<script type=\"application\/ld+json\" class=\"yoast-schema-graph\">{\"@context\":\"https:\\\/\\\/schema.org\",\"@graph\":[{\"@type\":\"WebPage\",\"@id\":\"https:\\\/\\\/www.yogaimhof.de\\\/?page_id=4308\",\"url\":\"https:\\\/\\\/www.yogaimhof.de\\\/?page_id=4308\",\"name\":\"Raum mieten im Bismarckviertel - Yoga im Hof - seit 2005 in Augsburg\",\"isPartOf\":{\"@id\":\"https:\\\/\\\/www.yogaimhof.de\\\/#website\"},\"primaryImageOfPage\":{\"@id\":\"https:\\\/\\\/www.yogaimhof.de\\\/?page_id=4308#primaryimage\"},\"image\":{\"@id\":\"https:\\\/\\\/www.yogaimhof.de\\\/?page_id=4308#primaryimage\"},\"thumbnailUrl\":\"https:\\\/\\\/www.yogaimhof.de\\\/wp-content\\\/uploads\\\/2014\\\/02\\\/Yogaimhof_00.jpg\",\"datePublished\":\"2023-02-19T18:29:53+00:00\",\"dateModified\":\"2023-11-02T07:04:25+00:00\",\"description\":\"Schreibe uns oder ruf an, wenn du einen Raum im Bismarckviertel suchst. Vormittags, nachmittags und am Wochenende habe wir freie Zeitfenster.\",\"breadcrumb\":{\"@id\":\"https:\\\/\\\/www.yogaimhof.de\\\/?page_id=4308#breadcrumb\"},\"inLanguage\":\"de\",\"potentialAction\":[{\"@type\":\"ReadAction\",\"target\":[\"https:\\\/\\\/www.yogaimhof.de\\\/?page_id=4308\"]}]},{\"@type\":\"ImageObject\",\"inLanguage\":\"de\",\"@id\":\"https:\\\/\\\/www.yogaimhof.de\\\/?page_id=4308#primaryimage\",\"url\":\"https:\\\/\\\/www.yogaimhof.de\\\/wp-content\\\/uploads\\\/2014\\\/02\\\/Yogaimhof_00.jpg\",\"contentUrl\":\"https:\\\/\\\/www.yogaimhof.de\\\/wp-content\\\/uploads\\\/2014\\\/02\\\/Yogaimhof_00.jpg\",\"width\":890,\"height\":592},{\"@type\":\"BreadcrumbList\",\"@id\":\"https:\\\/\\\/www.yogaimhof.de\\\/?page_id=4308#breadcrumb\",\"itemListElement\":[{\"@type\":\"ListItem\",\"position\":1,\"name\":\"Startseite\",\"item\":\"https:\\\/\\\/www.yogaimhof.de\\\/\"},{\"@type\":\"ListItem\",\"position\":2,\"name\":\"Raum mieten im Bismarckviertel\"}]},{\"@type\":\"WebSite\",\"@id\":\"https:\\\/\\\/www.yogaimhof.de\\\/#website\",\"url\":\"https:\\\/\\\/www.yogaimhof.de\\\/\",\"name\":\"Yoga im Hof - seit 2005 in Augsburg\",\"description\":\"Zeit f\u00fcr Yoga... Zeit f\u00fcr Dich.\",\"publisher\":{\"@id\":\"https:\\\/\\\/www.yogaimhof.de\\\/#organization\"},\"potentialAction\":[{\"@type\":\"SearchAction\",\"target\":{\"@type\":\"EntryPoint\",\"urlTemplate\":\"https:\\\/\\\/www.yogaimhof.de\\\/?s={search_term_string}\"},\"query-input\":{\"@type\":\"PropertyValueSpecification\",\"valueRequired\":true,\"valueName\":\"search_term_string\"}}],\"inLanguage\":\"de\"},{\"@type\":\"Organization\",\"@id\":\"https:\\\/\\\/www.yogaimhof.de\\\/#organization\",\"name\":\"Yoga im Hof - seit 2005 in Augsburg\",\"url\":\"https:\\\/\\\/www.yogaimhof.de\\\/\",\"logo\":{\"@type\":\"ImageObject\",\"inLanguage\":\"de\",\"@id\":\"https:\\\/\\\/www.yogaimhof.de\\\/#\\\/schema\\\/logo\\\/image\\\/\",\"url\":\"https:\\\/\\\/www.yogaimhof.de\\\/wp-content\\\/uploads\\\/2018\\\/05\\\/Logo-YIH.png\",\"contentUrl\":\"https:\\\/\\\/www.yogaimhof.de\\\/wp-content\\\/uploads\\\/2018\\\/05\\\/Logo-YIH.png\",\"width\":200,\"height\":198,\"caption\":\"Yoga im Hof - seit 2005 in Augsburg\"},\"image\":{\"@id\":\"https:\\\/\\\/www.yogaimhof.de\\\/#\\\/schema\\\/logo\\\/image\\\/\"},\"sameAs\":[\"https:\\\/\\\/www.facebook.com\\\/profile.php?id=100063689761446\"]}]}<\/script>\n<!-- \/ Yoast SEO plugin. -->","yoast_head_json":{"title":"Raum mieten im Bismarckviertel - Yoga im Hof - seit 2005 in Augsburg","description":"Schreibe uns oder ruf an, wenn du einen Raum im Bismarckviertel suchst. Vormittags, nachmittags und am Wochenende habe wir freie Zeitfenster.","robots":{"index":"index","follow":"follow","max-snippet":"max-snippet:-1","max-image-preview":"max-image-preview:large","max-video-preview":"max-video-preview:-1"},"canonical":"https:\/\/www.yogaimhof.de\/?page_id=4308","og_locale":"de_DE","og_type":"article","og_title":"Raum mieten im Bismarckviertel - Yoga im Hof - seit 2005 in Augsburg","og_description":"Schreibe uns oder ruf an, wenn du einen Raum im Bismarckviertel suchst. Vormittags, nachmittags und am Wochenende habe wir freie Zeitfenster.","og_url":"https:\/\/www.yogaimhof.de\/?page_id=4308","og_site_name":"Yoga im Hof - seit 2005 in Augsburg","article_publisher":"https:\/\/www.facebook.com\/profile.php?id=100063689761446","article_modified_time":"2023-11-02T07:04:25+00:00","og_image":[{"url":"https:\/\/www.yogaimhof.de\/wp-content\/uploads\/2014\/02\/Yogaimhof_00.jpg","type":"","width":"","height":""}],"twitter_card":"summary_large_image","twitter_misc":{"Gesch\u00e4tzte Lesezeit":"1\u00a0Minute"},"schema":{"@context":"https:\/\/schema.org","@graph":[{"@type":"WebPage","@id":"https:\/\/www.yogaimhof.de\/?page_id=4308","url":"https:\/\/www.yogaimhof.de\/?page_id=4308","name":"Raum mieten im Bismarckviertel - Yoga im Hof - seit 2005 in Augsburg","isPartOf":{"@id":"https:\/\/www.yogaimhof.de\/#website"},"primaryImageOfPage":{"@id":"https:\/\/www.yogaimhof.de\/?page_id=4308#primaryimage"},"image":{"@id":"https:\/\/www.yogaimhof.de\/?page_id=4308#primaryimage"},"thumbnailUrl":"https:\/\/www.yogaimhof.de\/wp-content\/uploads\/2014\/02\/Yogaimhof_00.jpg","datePublished":"2023-02-19T18:29:53+00:00","dateModified":"2023-11-02T07:04:25+00:00","description":"Schreibe uns oder ruf an, wenn du einen Raum im Bismarckviertel suchst. Vormittags, nachmittags und am Wochenende habe wir freie Zeitfenster.","breadcrumb":{"@id":"https:\/\/www.yogaimhof.de\/?page_id=4308#breadcrumb"},"inLanguage":"de","potentialAction":[{"@type":"ReadAction","target":["https:\/\/www.yogaimhof.de\/?page_id=4308"]}]},{"@type":"ImageObject","inLanguage":"de","@id":"https:\/\/www.yogaimhof.de\/?page_id=4308#primaryimage","url":"https:\/\/www.yogaimhof.de\/wp-content\/uploads\/2014\/02\/Yogaimhof_00.jpg","contentUrl":"https:\/\/www.yogaimhof.de\/wp-content\/uploads\/2014\/02\/Yogaimhof_00.jpg","width":890,"height":592},{"@type":"BreadcrumbList","@id":"https:\/\/www.yogaimhof.de\/?page_id=4308#breadcrumb","itemListElement":[{"@type":"ListItem","position":1,"name":"Startseite","item":"https:\/\/www.yogaimhof.de\/"},{"@type":"ListItem","position":2,"name":"Raum mieten im Bismarckviertel"}]},{"@type":"WebSite","@id":"https:\/\/www.yogaimhof.de\/#website","url":"https:\/\/www.yogaimhof.de\/","name":"Yoga im Hof - seit 2005 in Augsburg","description":"Zeit f\u00fcr Yoga... Zeit f\u00fcr Dich.","publisher":{"@id":"https:\/\/www.yogaimhof.de\/#organization"},"potentialAction":[{"@type":"SearchAction","target":{"@type":"EntryPoint","urlTemplate":"https:\/\/www.yogaimhof.de\/?s={search_term_string}"},"query-input":{"@type":"PropertyValueSpecification","valueRequired":true,"valueName":"search_term_string"}}],"inLanguage":"de"},{"@type":"Organization","@id":"https:\/\/www.yogaimhof.de\/#organization","name":"Yoga im Hof - seit 2005 in Augsburg","url":"https:\/\/www.yogaimhof.de\/","logo":{"@type":"ImageObject","inLanguage":"de","@id":"https:\/\/www.yogaimhof.de\/#\/schema\/logo\/image\/","url":"https:\/\/www.yogaimhof.de\/wp-content\/uploads\/2018\/05\/Logo-YIH.png","contentUrl":"https:\/\/www.yogaimhof.de\/wp-content\/uploads\/2018\/05\/Logo-YIH.png","width":200,"height":198,"caption":"Yoga im Hof - seit 2005 in Augsburg"},"image":{"@id":"https:\/\/www.yogaimhof.de\/#\/schema\/logo\/image\/"},"sameAs":["https:\/\/www.facebook.com\/profile.php?id=100063689761446"]}]}},"_links":{"self":[{"href":"https:\/\/www.yogaimhof.de\/index.php?rest_route=\/wp\/v2\/pages\/4308","targetHints":{"allow":["GET"]}}],"collection":[{"href":"https:\/\/www.yogaimhof.de\/index.php?rest_route=\/wp\/v2\/pages"}],"about":[{"href":"https:\/\/www.yogaimhof.de\/index.php?rest_route=\/wp\/v2\/types\/page"}],"author":[{"embeddable":true,"href":"https:\/\/www.yogaimhof.de\/index.php?rest_route=\/wp\/v2\/users\/1"}],"replies":[{"embeddable":true,"href":"https:\/\/www.yogaimhof.de\/index.php?rest_route=%2Fwp%2Fv2%2Fcomments&post=4308"}],"version-history":[{"count":6,"href":"https:\/\/www.yogaimhof.de\/index.php?rest_route=\/wp\/v2\/pages\/4308\/revisions"}],"predecessor-version":[{"id":5762,"href":"https:\/\/www.yogaimhof.de\/index.php?rest_route=\/wp\/v2\/pages\/4308\/revisions\/5762"}],"wp:attachment":[{"href":"https:\/\/www.yogaimhof.de\/index.php?rest_route=%2Fwp%2Fv2%2Fmedia&parent=4308"}],"curies":[{"name":"wp","href":"https:\/\/api.w.org\/{rel}","templated":true}]}}

<figure class="wp-block-image size-full"><img loading="lazy" decoding="async" width="890" height="592" src="https://www.yogaimhof.de/wp-content/uploads/2014/02/Yogaimhof_00.jpg" alt="" class="wp-image-1062" srcset="https://www.yogaimhof.de/wp-content/uploads/2014/02/Yogaimhof_00.jpg 890w, https://www.yogaimhof.de/wp-content/uploads/2014/02/Yogaimhof_00-300x200.jpg 300w, https://www.yogaimhof.de/wp-content/uploads/2014/02/Yogaimhof_00-600x400.jpg 600w, https://www.yogaimhof.de/wp-content/uploads/2014/02/Yogaimhof_00-290x193.jpg 290w, https://www.yogaimhof.de/wp-content/uploads/2014/02/Yogaimhof_00-580x386.jpg 580w" sizes="auto, (max-width: 890px) 100vw, 890px" /></figure>



<p>Du suchst einen zentral gelegenen Raum um Kurse anzubieten im Bereich Yoga und Bewegung?&nbsp;</p>



<p>Die Räume unserer Yogaschule stehen zu den Zeiten, wo wir keinen Unterricht anbieten zur Anmietung zur Verfügung, in der Regel unter der Woche bis 17.30 Uhr und zu verschiedenen Zeiten am Wochenende.&nbsp;</p>



<p>Wir vermieten die Räumlichkeiten nur für regelmäßige Kurse/Angebote, sodass Du einen Kurs zu einer festen Uhrzeit einmal pro Woche anbieten kannst. Dieser Kurs erscheint nicht auf unserer Webseite. Mindestanmietdauer: 4 Monate. </p>



<p>Für deine Teilnehmer/innen stehen zwei Räume (groß und klein), eine Umkleide, Sanitäranlagen, Yogamatten, Meditationskissen und Decken zur Verfügung.&nbsp;&nbsp;</p>



<p>Bei Interesse ruf uns an oder schreib eine mail an:</p>



<div class="wp-block-group has-global-padding is-layout-constrained wp-block-group-is-layout-constrained">
<div class="wp-block-group has-global-padding is-layout-constrained wp-block-group-is-layout-constrained">
<p>Yoga im Hof, Gabi Theinert, Neidhartstr. 7, 86159 Augsburg, Tel:01590 3716992, <a href="mailto:info@yogaimhof.de">info@yogaimhof.de</a></p>
</div>
</div>

<p>Du suchst einen zentral gelegenen Raum um Kurse anzubieten im Bereich Yoga und Bewegung?&nbsp; Die Räume unserer Yogaschule stehen zu den Zeiten, wo wir keinen Unterricht anbieten zur Anmietung zur Verfügung, in der Regel unter der Woche bis 17.30 Uhr und zu verschiedenen Zeiten am Wochenende.&nbsp; Wir vermieten die Räumlichkeiten nur für regelmäßige Kurse/Angebote, sodass [&hellip;]</p>

<!-- This site is optimized with the Yoast SEO plugin v27.5 - https://yoast.com/product/yoast-seo-wordpress/ -->
<title>Raum mieten im Bismarckviertel - Yoga im Hof - seit 2005 in Augsburg</title>
<meta name="description" content="Schreibe uns oder ruf an, wenn du einen Raum im Bismarckviertel suchst. Vormittags, nachmittags und am Wochenende habe wir freie Zeitfenster." />
<meta name="robots" content="index, follow, max-snippet:-1, max-image-preview:large, max-video-preview:-1" />
<link rel="canonical" href="https://www.yogaimhof.de/?page_id=4308" />
<meta property="og:locale" content="de_DE" />
<meta property="og:type" content="article" />
<meta property="og:title" content="Raum mieten im Bismarckviertel - Yoga im Hof - seit 2005 in Augsburg" />
<meta property="og:description" content="Schreibe uns oder ruf an, wenn du einen Raum im Bismarckviertel suchst. Vormittags, nachmittags und am Wochenende habe wir freie Zeitfenster." />
<meta property="og:url" content="https://www.yogaimhof.de/?page_id=4308" />
<meta property="og:site_name" content="Yoga im Hof - seit 2005 in Augsburg" />
<meta property="article:publisher" content="https://www.facebook.com/profile.php?id=100063689761446" />
<meta property="article:modified_time" content="2023-11-02T07:04:25+00:00" />
<meta property="og:image" content="https://www.yogaimhof.de/wp-content/uploads/2014/02/Yogaimhof_00.jpg" />
<meta name="twitter:card" content="summary_large_image" />
<meta name="twitter:label1" content="Geschätzte Lesezeit" />
	<meta name="twitter:data1" content="1 Minute" />
<script type="application/ld+json" class="yoast-schema-graph">{"@context":"https:\/\/schema.org","@graph":[{"@type":"WebPage","@id":"https:\/\/www.yogaimhof.de\/?page_id=4308","url":"https:\/\/www.yogaimhof.de\/?page_id=4308","name":"Raum mieten im Bismarckviertel - Yoga im Hof - seit 2005 in Augsburg","isPartOf":{"@id":"https:\/\/www.yogaimhof.de\/#website"},"primaryImageOfPage":{"@id":"https:\/\/www.yogaimhof.de\/?page_id=4308#primaryimage"},"image":{"@id":"https:\/\/www.yogaimhof.de\/?page_id=4308#primaryimage"},"thumbnailUrl":"https:\/\/www.yogaimhof.de\/wp-content\/uploads\/2014\/02\/Yogaimhof_00.jpg","datePublished":"2023-02-19T18:29:53+00:00","dateModified":"2023-11-02T07:04:25+00:00","description":"Schreibe uns oder ruf an, wenn du einen Raum im Bismarckviertel suchst. Vormittags, nachmittags und am Wochenende habe wir freie Zeitfenster.","breadcrumb":{"@id":"https:\/\/www.yogaimhof.de\/?page_id=4308#breadcrumb"},"inLanguage":"de","potentialAction":[{"@type":"ReadAction","target":["https:\/\/www.yogaimhof.de\/?page_id=4308"]}]},{"@type":"ImageObject","inLanguage":"de","@id":"https:\/\/www.yogaimhof.de\/?page_id=4308#primaryimage","url":"https:\/\/www.yogaimhof.de\/wp-content\/uploads\/2014\/02\/Yogaimhof_00.jpg","contentUrl":"https:\/\/www.yogaimhof.de\/wp-content\/uploads\/2014\/02\/Yogaimhof_00.jpg","width":890,"height":592},{"@type":"BreadcrumbList","@id":"https:\/\/www.yogaimhof.de\/?page_id=4308#breadcrumb","itemListElement":[{"@type":"ListItem","position":1,"name":"Startseite","item":"https:\/\/www.yogaimhof.de\/"},{"@type":"ListItem","position":2,"name":"Raum mieten im Bismarckviertel"}]},{"@type":"WebSite","@id":"https:\/\/www.yogaimhof.de\/#website","url":"https:\/\/www.yogaimhof.de\/","name":"Yoga im Hof - seit 2005 in Augsburg","description":"Zeit für Yoga... Zeit für Dich.","publisher":{"@id":"https:\/\/www.yogaimhof.de\/#organization"},"potentialAction":[{"@type":"SearchAction","target":{"@type":"EntryPoint","urlTemplate":"https:\/\/www.yogaimhof.de\/?s={search_term_string}"},"query-input":{"@type":"PropertyValueSpecification","valueRequired":true,"valueName":"search_term_string"}}],"inLanguage":"de"},{"@type":"Organization","@id":"https:\/\/www.yogaimhof.de\/#organization","name":"Yoga im Hof - seit 2005 in Augsburg","url":"https:\/\/www.yogaimhof.de\/","logo":{"@type":"ImageObject","inLanguage":"de","@id":"https:\/\/www.yogaimhof.de\/#\/schema\/logo\/image\/","url":"https:\/\/www.yogaimhof.de\/wp-content\/uploads\/2018\/05\/Logo-YIH.png","contentUrl":"https:\/\/www.yogaimhof.de\/wp-content\/uploads\/2018\/05\/Logo-YIH.png","width":200,"height":198,"caption":"Yoga im Hof - seit 2005 in Augsburg"},"image":{"@id":"https:\/\/www.yogaimhof.de\/#\/schema\/logo\/image\/"},"sameAs":["https:\/\/www.facebook.com\/profile.php?id=100063689761446"]}]}</script>
<!-- / Yoast SEO plugin. -->

Zeit für Yoga... Zeit für Dich.
